{"version":"1.0","provider_name":"International Women\u2018s* Theatre Festival","provider_url":"https:\/\/iftf-frankfurt.com\/en\/","author_name":"Larissa","author_url":"https:\/\/iftf-frankfurt.com\/en\/author\/larissaschmidt\/","title":"REVERDECER - International Women\u2018s* Theatre Festival","type":"rich","width":600,"height":338,"html":"<blockquote class=\"wp-embedded-content\" data-secret=\"NeDXihdR5F\"><a href=\"https:\/\/iftf-frankfurt.com\/en\/events\/reverdecer\/\">REVERDECER<\/a><\/blockquote><iframe sandbox=\"allow-scripts\" security=\"restricted\" src=\"https:\/\/iftf-frankfurt.com\/en\/events\/reverdecer\/embed\/#?secret=NeDXihdR5F\" width=\"600\" height=\"338\" title=\"&#8220;REVERDECER&#8221; &#8212; International Women\u2018s* Theatre Festival\" data-secret=\"NeDXihdR5F\" frameborder=\"0\" marginwidth=\"0\" marginheight=\"0\" scrolling=\"no\" class=\"wp-embedded-content\"><\/iframe><script type=\"text\/javascript\">\n\/* <![CDATA[ *\/\n\/*! This file is auto-generated *\/\n!function(d,l){\"use strict\";l.querySelector&&d.addEventListener&&\"undefined\"!=typeof URL&&(d.wp=d.wp||{},d.wp.receiveEmbedMessage||(d.wp.receiveEmbedMessage=function(e){var t=e.data;if((t||t.secret||t.message||t.value)&&!\/[^a-zA-Z0-9]\/.test(t.secret)){for(var s,r,n,a=l.querySelectorAll('iframe[data-secret=\"'+t.secret+'\"]'),o=l.querySelectorAll('blockquote[data-secret=\"'+t.secret+'\"]'),c=new RegExp(\"^https?:$\",\"i\"),i=0;i<o.length;i++)o[i].style.display=\"none\";for(i=0;i<a.length;i++)s=a[i],e.source===s.contentWindow&&(s.removeAttribute(\"style\"),\"height\"===t.message?(1e3<(r=parseInt(t.value,10))?r=1e3:~~r<200&&(r=200),s.height=r):\"link\"===t.message&&(r=new URL(s.getAttribute(\"src\")),n=new URL(t.value),c.test(n.protocol))&&n.host===r.host&&l.activeElement===s&&(d.top.location.href=t.value))}},d.addEventListener(\"message\",d.wp.receiveEmbedMessage,!1),l.addEventListener(\"DOMContentLoaded\",function(){for(var e,t,s=l.querySelectorAll(\"iframe.wp-embedded-content\"),r=0;r<s.length;r++)(t=(e=s[r]).getAttribute(\"data-secret\"))||(t=Math.random().toString(36).substring(2,12),e.src+=\"#?secret=\"+t,e.setAttribute(\"data-secret\",t)),e.contentWindow.postMessage({message:\"ready\",secret:t},\"*\")},!1)))}(window,document);\n\/\/# sourceURL=https:\/\/iftf-frankfurt.com\/wp-includes\/js\/wp-embed.min.js\n\/* ]]> *\/\n<\/script>\n","thumbnail_url":"https:\/\/iftf-frankfurt.com\/wp-content\/uploads\/sites\/2\/ZHdK_Finals_280426_\u00a9CarolineMinjolle_1000_web.jpg","thumbnail_width":1276,"thumbnail_height":851,"description":"Amanda Romero Canepa Ist es eine Zusammenkunft, ein Ritual, eine Stellungnahme, ein Vorschlag, ein freier K\u00f6rper, ein Moment, in dem unsere Gedanken eins werden? Wie k\u00f6nnen wir einander halten, w\u00e4hrend wir auseinandergerissen werden? Eine Einladung, unsere Verantwortung anzuerkennen. Eine Praxis, um unseren kollektiven K\u00f6rper zu..."}

Amanda Romero Canepa Ist es eine Zusammenkunft, ein Ritual, eine Stellungnahme, ein Vorschlag, ein freier Körper, ein Moment, in dem unsere Gedanken eins werden? Wie können wir einander halten, während wir auseinandergerissen werden? Eine Einladung, unsere Verantwortung anzuerkennen. Eine Praxis, um unseren kollektiven Körper zu...
