{"id":26317,"date":"2026-08-21T12:37:03","date_gmt":"2026-08-21T10:37:03","guid":{"rendered":"https:\/\/iftf-frankfurt.com\/?post_type=mec-events&#038;p=26317"},"modified":"2026-09-01T18:28:05","modified_gmt":"2026-09-01T16:28:05","slug":"light-and-shadow","status":"publish","type":"mec-events","link":"https:\/\/iftf-frankfurt.com\/en\/events\/light-and-shadow\/","title":{"rendered":"Light and Shadow"},"content":{"rendered":"<p align=\"left\"><span style=\"font-size: small;\">&#8220;ENG below&#8221;<\/span><\/p>\n<p align=\"left\"><span style=\"font-family: Arial, sans-serif;\"><span style=\"font-size: small;\">Marg\u00f3 Paciotti\/ Ondadurto Teatro<\/span><\/span><\/p>\n<p align=\"left\"><span style=\"font-family: Arial, sans-serif;\"><span style=\"font-size: small;\">Ein intensiver Workshop zur Erkundung von physischem Theater und Tanz, konzipiert f\u00fcr T\u00e4nzer*innen und Schauspieler*innen, die sich im Bereich der zeitgen\u00f6ssischen darstellenden K\u00fcnste beruflich weiterentwickeln wollen. Zusammen erkunden wir die Welt der \u201eOpera Lirica\u201c. Kann eine Arie zur Partitur f\u00fcr abstrakte Bewegung werden? Lassen sich die Heldinnen des Melodramas mit zeitgen\u00f6ssischen Themen in Verbindung bringen? Der Workshop zeigt, wie Tradition und Gegenwart miteinander verkn\u00fcpft sind, und setzt sich dabei mit gesellschaftlichen Themen auseinander, denen sich die Kunst heute stellen muss.<\/span><\/span><\/p>\n<p align=\"left\"><span style=\"font-family: Arial, sans-serif;\"><span style=\"font-size: small;\"><b>Ort: <\/b>Groove Dance Studio<b> <\/b>\u2022 <b>Sprache(n): <\/b>Englisch\/ Italienisch\u2022<b> Material: <\/b>bequeme Kleidung und Wasser \u2022 <b>Geb\u00fchr: <\/b>Spende (Empfehlung 60\u20ac)<b> <\/b>\u2022 <b>Hinweis: <\/b>max. 25 Teilnehmer*innen. Die dazugeh\u00f6rige Pr\u00e4sentation der im Workshop entstandenen Beitr\u00e4ge der Teilnehmer*innen findet am Samstag, 19.09., im Rahmen des IF*TF-Symposiums statt \u2022 <b>Zielgruppe: <\/b>Darsteller*innen, T\u00e4nzer*innen und Schauspieler*innen, die daran interessiert sind, ihre k\u00fcnstlerischen F\u00e4higkeiten und Fertigkeiten weiterzuentwickeln.<\/span><\/span><\/p>\n<p>&nbsp;<\/p>\n<p align=\"left\"><span style=\"font-family: Arial, sans-serif;\"><span style=\"font-size: small;\"><b>Light and Shadow<\/b><\/span><\/span><\/p>\n<p align=\"left\"><span style=\"font-family: Arial, sans-serif;\"><span style=\"font-size: small;\">Marg\u00f3 Paciotti \/ Ondadurto Teatro<\/span><\/span><\/p>\n<p align=\"left\"><span style=\"font-family: Arial, sans-serif;\"><span style=\"font-size: small;\">An intensive workshop exploring physical theatre and dance, designed for dancers and actors who want to further develop professionally in the field of contemporary performing arts. Together, we explore the world of <i>Opera Lirica<\/i>. Can an aria become a score for abstract movement? Can the heroines of melodrama be connected to contemporary themes? The workshop explores how tradition and the present can be interwoven while engaging with social issues that art must confront today.<\/span><\/span><\/p>\n<p align=\"left\"><span style=\"font-family: Arial, sans-serif;\"><span style=\"font-size: small;\"><b>Location:<\/b> Groove Dance Studio \u2022 <b>Language(s):<\/b> English\/Italian \u2022 <b>Materials:<\/b> Comfortable clothing and water \u2022 <b>Fee:<\/b> Donation (suggested \u20ac60) \u2022 <b>Note:<\/b> Max. 25 participants. A presentation of the participants\u2019 work created during the workshop will take place on Saturday, 19 September, as part of the IF*TF Symposium \u2022 <b>Target group:<\/b> Performers, dancers and actors interested in further developing their artistic skills and abilities.<\/span><\/span><\/p>\n","protected":false},"excerpt":{"rendered":"<p>&#8220;ENG below&#8221; Marg\u00f3 Paciotti\/ Ondadurto Teatro Ein intensiver Workshop zur Erkundung von physischem Theater und Tanz, konzipiert f\u00fcr T\u00e4nzer*innen und Schauspieler*innen, die sich im Bereich der zeitgen\u00f6ssischen darstellenden K\u00fcnste beruflich weiterentwickeln wollen. Zusammen erkunden wir die Welt der \u201eOpera Lirica\u201c. Kann eine Arie zur Partitur&#8230;<\/p>\n","protected":false},"author":7,"featured_media":27098,"comment_status":"closed","ping_status":"closed","template":"","tags":[],"mec_category":[19],"class_list":["post-26317","mec-events","type-mec-events","status-publish","has-post-thumbnail","hentry","mec_category-workshops"],"yoast_head":"<!-- This site is optimized with the Yoast SEO plugin v19.13 - https:\/\/yoast.com\/wordpress\/plugins\/seo\/ -->\n<title>Light and Shadow - International Women\u2018s* Theatre Festival<\/title>\n<meta name=\"robots\" content=\"index, follow, max-snippet:-1, max-image-preview:large, max-video-preview:-1\" \/>\n<link rel=\"canonical\" href=\"https:\/\/iftf-frankfurt.com\/events\/light-and-shadow\/\" \/>\n<meta property=\"og:locale\" content=\"en_GB\" \/>\n<meta property=\"og:type\" content=\"article\" \/>\n<meta property=\"og:title\" content=\"Light and Shadow - International Women\u2018s* Theatre Festival\" \/>\n<meta property=\"og:description\" content=\"&#8220;ENG below&#8221; Marg\u00f3 Paciotti\/ Ondadurto Teatro Ein intensiver Workshop zur Erkundung von physischem Theater und Tanz, konzipiert f\u00fcr T\u00e4nzer*innen und Schauspieler*innen, die sich im Bereich der zeitgen\u00f6ssischen darstellenden K\u00fcnste beruflich weiterentwickeln wollen. Zusammen erkunden wir die Welt der \u201eOpera Lirica\u201c. Kann eine Arie zur Partitur...\" \/>\n<meta property=\"og:url\" content=\"https:\/\/iftf-frankfurt.com\/events\/light-and-shadow\/\" \/>\n<meta property=\"og:site_name\" content=\"International Women\u2018s* Theatre Festival\" \/>\n<meta property=\"article:publisher\" content=\"https:\/\/www.facebook.com\/frauenfestival\" \/>\n<meta property=\"article:modified_time\" content=\"2026-09-01T16:28:05+00:00\" \/>\n<meta property=\"og:image\" content=\"https:\/\/iftf-frankfurt.com\/wp-content\/uploads\/sites\/2\/Light-and-Shadow.jpg\" \/>\n\t<meta property=\"og:image:width\" content=\"1200\" \/>\n\t<meta property=\"og:image:height\" content=\"1200\" \/>\n\t<meta property=\"og:image:type\" content=\"image\/jpeg\" \/>\n<meta name=\"twitter:card\" content=\"summary_large_image\" \/>\n<meta name=\"twitter:label1\" content=\"Estimated reading time\" \/>\n\t<meta name=\"twitter:data1\" content=\"2 minutes\" \/>\n<script type=\"application\/ld+json\" class=\"yoast-schema-graph\">{\"@context\":\"https:\/\/schema.org\",\"@graph\":[{\"@type\":\"WebPage\",\"@id\":\"https:\/\/iftf-frankfurt.com\/events\/light-and-shadow\/\",\"url\":\"https:\/\/iftf-frankfurt.com\/events\/light-and-shadow\/\",\"name\":\"Light and Shadow - International Women\u2018s* Theatre Festival\",\"isPartOf\":{\"@id\":\"https:\/\/iftf-frankfurt.com\/#website\"},\"datePublished\":\"2026-08-21T10:37:03+00:00\",\"dateModified\":\"2026-09-01T16:28:05+00:00\",\"breadcrumb\":{\"@id\":\"https:\/\/iftf-frankfurt.com\/events\/light-and-shadow\/#breadcrumb\"},\"inLanguage\":\"en-GB\",\"potentialAction\":[{\"@type\":\"ReadAction\",\"target\":[\"https:\/\/iftf-frankfurt.com\/events\/light-and-shadow\/\"]}]},{\"@type\":\"BreadcrumbList\",\"@id\":\"https:\/\/iftf-frankfurt.com\/events\/light-and-shadow\/#breadcrumb\",\"itemListElement\":[{\"@type\":\"ListItem\",\"position\":1,\"name\":\"Startseite\",\"item\":\"https:\/\/iftf-frankfurt.com\/en\/internationale-frauentheaterfestival-iftf\/\"},{\"@type\":\"ListItem\",\"position\":2,\"name\":\"Veranstaltungen\",\"item\":\"https:\/\/iftf-frankfurt.com\/events\/\"},{\"@type\":\"ListItem\",\"position\":3,\"name\":\"Light and Shadow\"}]},{\"@type\":\"WebSite\",\"@id\":\"https:\/\/iftf-frankfurt.com\/#website\",\"url\":\"https:\/\/iftf-frankfurt.com\/\",\"name\":\"International Women\u2018s* Theatre Festival\",\"description\":\"IF*TF\",\"publisher\":{\"@id\":\"https:\/\/iftf-frankfurt.com\/#organization\"},\"inLanguage\":\"en-GB\"},{\"@type\":\"Organization\",\"@id\":\"https:\/\/iftf-frankfurt.com\/#organization\",\"name\":\"International Womxn\u2018s* Theatre Festival\",\"url\":\"https:\/\/iftf-frankfurt.com\/\",\"logo\":{\"@type\":\"ImageObject\",\"inLanguage\":\"en-GB\",\"@id\":\"https:\/\/iftf-frankfurt.com\/#\/schema\/logo\/image\/\",\"url\":\"\",\"contentUrl\":\"\",\"caption\":\"International Womxn\u2018s* Theatre Festival\"},\"image\":{\"@id\":\"https:\/\/iftf-frankfurt.com\/#\/schema\/logo\/image\/\"},\"sameAs\":[\"https:\/\/www.instagram.com\/frauentheaterfestival\/\",\"https:\/\/www.youtube.com\/channel\/UC80VX69VC0NxXd6a89DoydA\",\"https:\/\/www.facebook.com\/frauenfestival\"]}]}<\/script>\n<!-- \/ Yoast SEO plugin. -->","yoast_head_json":{"title":"Light and Shadow - International Women\u2018s* Theatre Festival","robots":{"index":"index","follow":"follow","max-snippet":"max-snippet:-1","max-image-preview":"max-image-preview:large","max-video-preview":"max-video-preview:-1"},"canonical":"https:\/\/iftf-frankfurt.com\/events\/light-and-shadow\/","og_locale":"en_GB","og_type":"article","og_title":"Light and Shadow - International Women\u2018s* Theatre Festival","og_description":"&#8220;ENG below&#8221; Marg\u00f3 Paciotti\/ Ondadurto Teatro Ein intensiver Workshop zur Erkundung von physischem Theater und Tanz, konzipiert f\u00fcr T\u00e4nzer*innen und Schauspieler*innen, die sich im Bereich der zeitgen\u00f6ssischen darstellenden K\u00fcnste beruflich weiterentwickeln wollen. Zusammen erkunden wir die Welt der \u201eOpera Lirica\u201c. Kann eine Arie zur Partitur...","og_url":"https:\/\/iftf-frankfurt.com\/events\/light-and-shadow\/","og_site_name":"International Women\u2018s* Theatre Festival","article_publisher":"https:\/\/www.facebook.com\/frauenfestival","article_modified_time":"2026-09-01T16:28:05+00:00","og_image":[{"width":1200,"height":1200,"url":"https:\/\/iftf-frankfurt.com\/wp-content\/uploads\/sites\/2\/Light-and-Shadow.jpg","type":"image\/jpeg"}],"twitter_card":"summary_large_image","twitter_misc":{"Estimated reading time":"2 minutes"},"schema":{"@context":"https:\/\/schema.org","@graph":[{"@type":"WebPage","@id":"https:\/\/iftf-frankfurt.com\/events\/light-and-shadow\/","url":"https:\/\/iftf-frankfurt.com\/events\/light-and-shadow\/","name":"Light and Shadow - International Women\u2018s* Theatre Festival","isPartOf":{"@id":"https:\/\/iftf-frankfurt.com\/#website"},"datePublished":"2026-08-21T10:37:03+00:00","dateModified":"2026-09-01T16:28:05+00:00","breadcrumb":{"@id":"https:\/\/iftf-frankfurt.com\/events\/light-and-shadow\/#breadcrumb"},"inLanguage":"en-GB","potentialAction":[{"@type":"ReadAction","target":["https:\/\/iftf-frankfurt.com\/events\/light-and-shadow\/"]}]},{"@type":"BreadcrumbList","@id":"https:\/\/iftf-frankfurt.com\/events\/light-and-shadow\/#breadcrumb","itemListElement":[{"@type":"ListItem","position":1,"name":"Startseite","item":"https:\/\/iftf-frankfurt.com\/en\/internationale-frauentheaterfestival-iftf\/"},{"@type":"ListItem","position":2,"name":"Veranstaltungen","item":"https:\/\/iftf-frankfurt.com\/events\/"},{"@type":"ListItem","position":3,"name":"Light and Shadow"}]},{"@type":"WebSite","@id":"https:\/\/iftf-frankfurt.com\/#website","url":"https:\/\/iftf-frankfurt.com\/","name":"International Women\u2018s* Theatre Festival","description":"IF*TF","publisher":{"@id":"https:\/\/iftf-frankfurt.com\/#organization"},"inLanguage":"en-GB"},{"@type":"Organization","@id":"https:\/\/iftf-frankfurt.com\/#organization","name":"International Womxn\u2018s* Theatre Festival","url":"https:\/\/iftf-frankfurt.com\/","logo":{"@type":"ImageObject","inLanguage":"en-GB","@id":"https:\/\/iftf-frankfurt.com\/#\/schema\/logo\/image\/","url":"","contentUrl":"","caption":"International Womxn\u2018s* Theatre Festival"},"image":{"@id":"https:\/\/iftf-frankfurt.com\/#\/schema\/logo\/image\/"},"sameAs":["https:\/\/www.instagram.com\/frauentheaterfestival\/","https:\/\/www.youtube.com\/channel\/UC80VX69VC0NxXd6a89DoydA","https:\/\/www.facebook.com\/frauenfestival"]}]}},"_links":{"self":[{"href":"https:\/\/iftf-frankfurt.com\/en\/wp-json\/wp\/v2\/mec-events\/26317","targetHints":{"allow":["GET"]}}],"collection":[{"href":"https:\/\/iftf-frankfurt.com\/en\/wp-json\/wp\/v2\/mec-events"}],"about":[{"href":"https:\/\/iftf-frankfurt.com\/en\/wp-json\/wp\/v2\/types\/mec-events"}],"author":[{"embeddable":true,"href":"https:\/\/iftf-frankfurt.com\/en\/wp-json\/wp\/v2\/users\/7"}],"replies":[{"embeddable":true,"href":"https:\/\/iftf-frankfurt.com\/en\/wp-json\/wp\/v2\/comments?post=26317"}],"version-history":[{"count":3,"href":"https:\/\/iftf-frankfurt.com\/en\/wp-json\/wp\/v2\/mec-events\/26317\/revisions"}],"predecessor-version":[{"id":26691,"href":"https:\/\/iftf-frankfurt.com\/en\/wp-json\/wp\/v2\/mec-events\/26317\/revisions\/26691"}],"wp:featuredmedia":[{"embeddable":true,"href":"https:\/\/iftf-frankfurt.com\/en\/wp-json\/wp\/v2\/media\/27098"}],"wp:attachment":[{"href":"https:\/\/iftf-frankfurt.com\/en\/wp-json\/wp\/v2\/media?parent=26317"}],"wp:term":[{"taxonomy":"post_tag","embeddable":true,"href":"https:\/\/iftf-frankfurt.com\/en\/wp-json\/wp\/v2\/tags?post=26317"},{"taxonomy":"mec_category","embeddable":true,"href":"https:\/\/iftf-frankfurt.com\/en\/wp-json\/wp\/v2\/mec_category?post=26317"}],"curies":[{"name":"wp","href":"https:\/\/api.w.org\/{rel}","templated":true}]}}

<p align="left"><span style="font-size: small;">&#8220;ENG below&#8221;</span></p>
<p align="left"><span style="font-family: Arial, sans-serif;"><span style="font-size: small;">Margó Paciotti/ Ondadurto Teatro</span></span></p>
<p align="left"><span style="font-family: Arial, sans-serif;"><span style="font-size: small;">Ein intensiver Workshop zur Erkundung von physischem Theater und Tanz, konzipiert für Tänzer*innen und Schauspieler*innen, die sich im Bereich der zeitgenössischen darstellenden Künste beruflich weiterentwickeln wollen. Zusammen erkunden wir die Welt der „Opera Lirica“. Kann eine Arie zur Partitur für abstrakte Bewegung werden? Lassen sich die Heldinnen des Melodramas mit zeitgenössischen Themen in Verbindung bringen? Der Workshop zeigt, wie Tradition und Gegenwart miteinander verknüpft sind, und setzt sich dabei mit gesellschaftlichen Themen auseinander, denen sich die Kunst heute stellen muss.</span></span></p>
<p align="left"><span style="font-family: Arial, sans-serif;"><span style="font-size: small;"><b>Ort: </b>Groove Dance Studio<b> </b>• <b>Sprache(n): </b>Englisch/ Italienisch•<b> Material: </b>bequeme Kleidung und Wasser • <b>Gebühr: </b>Spende (Empfehlung 60€)<b> </b>• <b>Hinweis: </b>max. 25 Teilnehmer*innen. Die dazugehörige Präsentation der im Workshop entstandenen Beiträge der Teilnehmer*innen findet am Samstag, 19.09., im Rahmen des IF*TF-Symposiums statt • <b>Zielgruppe: </b>Darsteller*innen, Tänzer*innen und Schauspieler*innen, die daran interessiert sind, ihre künstlerischen Fähigkeiten und Fertigkeiten weiterzuentwickeln.</span></span></p>
<p>&nbsp;</p>
<p align="left"><span style="font-family: Arial, sans-serif;"><span style="font-size: small;"><b>Light and Shadow</b></span></span></p>
<p align="left"><span style="font-family: Arial, sans-serif;"><span style="font-size: small;">Margó Paciotti / Ondadurto Teatro</span></span></p>
<p align="left"><span style="font-family: Arial, sans-serif;"><span style="font-size: small;">An intensive workshop exploring physical theatre and dance, designed for dancers and actors who want to further develop professionally in the field of contemporary performing arts. Together, we explore the world of <i>Opera Lirica</i>. Can an aria become a score for abstract movement? Can the heroines of melodrama be connected to contemporary themes? The workshop explores how tradition and the present can be interwoven while engaging with social issues that art must confront today.</span></span></p>
<p align="left"><span style="font-family: Arial, sans-serif;"><span style="font-size: small;"><b>Location:</b> Groove Dance Studio • <b>Language(s):</b> English/Italian • <b>Materials:</b> Comfortable clothing and water • <b>Fee:</b> Donation (suggested €60) • <b>Note:</b> Max. 25 participants. A presentation of the participants’ work created during the workshop will take place on Saturday, 19 September, as part of the IF*TF Symposium • <b>Target group:</b> Performers, dancers and actors interested in further developing their artistic skills and abilities.</span></span></p>

<p>&#8220;ENG below&#8221; Margó Paciotti/ Ondadurto Teatro Ein intensiver Workshop zur Erkundung von physischem Theater und Tanz, konzipiert für Tänzer*innen und Schauspieler*innen, die sich im Bereich der zeitgenössischen darstellenden Künste beruflich weiterentwickeln wollen. Zusammen erkunden wir die Welt der „Opera Lirica“. Kann eine Arie zur Partitur&#8230;</p>

<!-- This site is optimized with the Yoast SEO plugin v19.13 - https://yoast.com/wordpress/plugins/seo/ -->
<title>Light and Shadow - International Women‘s* Theatre Festival</title>
<meta name="robots" content="index, follow, max-snippet:-1, max-image-preview:large, max-video-preview:-1" />
<link rel="canonical" href="https://iftf-frankfurt.com/events/light-and-shadow/" />
<meta property="og:locale" content="en_GB" />
<meta property="og:type" content="article" />
<meta property="og:title" content="Light and Shadow - International Women‘s* Theatre Festival" />
<meta property="og:description" content="&#8220;ENG below&#8221; Margó Paciotti/ Ondadurto Teatro Ein intensiver Workshop zur Erkundung von physischem Theater und Tanz, konzipiert für Tänzer*innen und Schauspieler*innen, die sich im Bereich der zeitgenössischen darstellenden Künste beruflich weiterentwickeln wollen. Zusammen erkunden wir die Welt der „Opera Lirica“. Kann eine Arie zur Partitur..." />
<meta property="og:url" content="https://iftf-frankfurt.com/events/light-and-shadow/" />
<meta property="og:site_name" content="International Women‘s* Theatre Festival" />
<meta property="article:publisher" content="https://www.facebook.com/frauenfestival" />
<meta property="article:modified_time" content="2026-09-01T16:28:05+00:00" />
<meta property="og:image" content="https://iftf-frankfurt.com/wp-content/uploads/sites/2/Light-and-Shadow.jpg" />
	<meta property="og:image:width" content="1200" />
	<meta property="og:image:height" content="1200" />
	<meta property="og:image:type" content="image/jpeg" />
<meta name="twitter:card" content="summary_large_image" />
<meta name="twitter:label1" content="Estimated reading time" />
	<meta name="twitter:data1" content="2 minutes" />
<script type="application/ld+json" class="yoast-schema-graph">{"@context":"https://schema.org","@graph":[{"@type":"WebPage","@id":"https://iftf-frankfurt.com/events/light-and-shadow/","url":"https://iftf-frankfurt.com/events/light-and-shadow/","name":"Light and Shadow - International Women‘s* Theatre Festival","isPartOf":{"@id":"https://iftf-frankfurt.com/#website"},"datePublished":"2026-08-21T10:37:03+00:00","dateModified":"2026-09-01T16:28:05+00:00","breadcrumb":{"@id":"https://iftf-frankfurt.com/events/light-and-shadow/#breadcrumb"},"inLanguage":"en-GB","potentialAction":[{"@type":"ReadAction","target":["https://iftf-frankfurt.com/events/light-and-shadow/"]}]},{"@type":"BreadcrumbList","@id":"https://iftf-frankfurt.com/events/light-and-shadow/#breadcrumb","itemListElement":[{"@type":"ListItem","position":1,"name":"Startseite","item":"https://iftf-frankfurt.com/en/internationale-frauentheaterfestival-iftf/"},{"@type":"ListItem","position":2,"name":"Veranstaltungen","item":"https://iftf-frankfurt.com/events/"},{"@type":"ListItem","position":3,"name":"Light and Shadow"}]},{"@type":"WebSite","@id":"https://iftf-frankfurt.com/#website","url":"https://iftf-frankfurt.com/","name":"International Women‘s* Theatre Festival","description":"IF*TF","publisher":{"@id":"https://iftf-frankfurt.com/#organization"},"inLanguage":"en-GB"},{"@type":"Organization","@id":"https://iftf-frankfurt.com/#organization","name":"International Womxn‘s* Theatre Festival","url":"https://iftf-frankfurt.com/","logo":{"@type":"ImageObject","inLanguage":"en-GB","@id":"https://iftf-frankfurt.com/#/schema/logo/image/","url":"","contentUrl":"","caption":"International Womxn‘s* Theatre Festival"},"image":{"@id":"https://iftf-frankfurt.com/#/schema/logo/image/"},"sameAs":["https://www.instagram.com/frauentheaterfestival/","https://www.youtube.com/channel/UC80VX69VC0NxXd6a89DoydA","https://www.facebook.com/frauenfestival"]}]}</script>
<!-- / Yoast SEO plugin. -->

&#8220;ENG below&#8221; Margó Paciotti/ Ondadurto Teatro Ein intensiver Workshop zur Erkundung von physischem Theater und Tanz, konzipiert für Tänzer*innen und Schauspieler*innen, die sich im Bereich der zeitgenössischen darstellenden Künste beruflich weiterentwickeln wollen. Zusammen erkunden wir die Welt der „Opera Lirica“. Kann eine Arie zur Partitur...
