{"id":26556,"date":"2026-08-25T13:51:36","date_gmt":"2026-08-25T11:51:36","guid":{"rendered":"https:\/\/iftf-frankfurt.com\/?post_type=mec-events&#038;p=26556"},"modified":"2026-08-25T13:51:36","modified_gmt":"2026-08-25T11:51:36","slug":"alleinsam-ja-nein-vielleicht","status":"publish","type":"mec-events","link":"https:\/\/iftf-frankfurt.com\/en\/events\/alleinsam-ja-nein-vielleicht\/","title":{"rendered":"Alleinsam-ja, nein, vielleicht?"},"content":{"rendered":"<p style=\"text-align: left;\" align=\"center\"><span style=\"font-family: Times New Roman, serif;\"><span style=\"font-size: small;\">Mim\u00ed<\/span><\/span><\/p>\n<p align=\"left\"><span style=\"font-size: small;\">&#8220;ENG below&#8221;<\/span><\/p>\n<p align=\"left\"><span style=\"font-family: Times New Roman, serif;\"><span style=\"font-size: small;\">Die meisten von uns waren schon einmal verliebt, vielleicht sind sie es immer noch. Manche Liebesgeschichten sind nur eine Kurzgeschichte, andere dauern ein ganzes Leben und viele sind irgendwas dazwischen. Diese Geschichten hat Mim\u00ed sich erz\u00e4hlen lassen, die ein oder andere auch selbst erlebt und daraus eine Performance mit Erz\u00e4hlungen und Musik gewoben, die uns einl\u00e4dt, in bitters\u00fc\u00dfe Gef\u00fchle und eigene Erinnerungen einzutauchen.<\/span><\/span><\/p>\n<p align=\"left\"><span style=\"font-family: Times New Roman, serif;\"><span style=\"font-size: small;\"><strong>Spiel und Regie:<\/strong> Mim\u00ed<\/span><\/span><\/p>\n<p>&nbsp;<\/p>\n<p align=\"left\"><span style=\"font-family: Times New Roman, serif;\"><span style=\"font-size: small;\">Most of us have been in love at some point\u2014perhaps we still are. Some love stories are mere short stories, others last a lifetime, and many fall somewhere in between. Mim\u00ed gathered these stories\u2014experiencing some firsthand\u2014and wove them into a performance of storytelling and music that invites us to immerse ourselves in bittersweet emotions and our own memories.<\/span><\/span><\/p>\n<p align=\"left\"><span style=\"font-family: Times New Roman, serif;\"><span style=\"font-size: small;\"><strong>Performance and Direction:<\/strong> Mim\u00ed<\/span><\/span><\/p>\n","protected":false},"excerpt":{"rendered":"<p>Mim\u00ed &#8220;ENG below&#8221; Die meisten von uns waren schon einmal verliebt, vielleicht sind sie es immer noch. Manche Liebesgeschichten sind nur eine Kurzgeschichte, andere dauern ein ganzes Leben und viele sind irgendwas dazwischen. Diese Geschichten hat Mim\u00ed sich erz\u00e4hlen lassen, die ein oder andere auch&#8230;<\/p>\n","protected":false},"author":7,"featured_media":26557,"comment_status":"closed","ping_status":"closed","template":"","tags":[],"mec_category":[21],"class_list":["post-26556","mec-events","type-mec-events","status-publish","has-post-thumbnail","hentry","mec_category-theater-performance"],"yoast_head":"<!-- This site is optimized with the Yoast SEO plugin v19.13 - https:\/\/yoast.com\/wordpress\/plugins\/seo\/ -->\n<title>Alleinsam-ja, nein, vielleicht? - International Women\u2018s* Theatre Festival<\/title>\n<meta name=\"robots\" content=\"index, follow, max-snippet:-1, max-image-preview:large, max-video-preview:-1\" \/>\n<link rel=\"canonical\" href=\"https:\/\/iftf-frankfurt.com\/events\/alleinsam-ja-nein-vielleicht\/\" \/>\n<meta property=\"og:locale\" content=\"en_GB\" \/>\n<meta property=\"og:type\" content=\"article\" \/>\n<meta property=\"og:title\" content=\"Alleinsam-ja, nein, vielleicht? - International Women\u2018s* Theatre Festival\" \/>\n<meta property=\"og:description\" content=\"Mim\u00ed &#8220;ENG below&#8221; Die meisten von uns waren schon einmal verliebt, vielleicht sind sie es immer noch. Manche Liebesgeschichten sind nur eine Kurzgeschichte, andere dauern ein ganzes Leben und viele sind irgendwas dazwischen. Diese Geschichten hat Mim\u00ed sich erz\u00e4hlen lassen, die ein oder andere auch...\" \/>\n<meta property=\"og:url\" content=\"https:\/\/iftf-frankfurt.com\/events\/alleinsam-ja-nein-vielleicht\/\" \/>\n<meta property=\"og:site_name\" content=\"International Women\u2018s* Theatre Festival\" \/>\n<meta property=\"article:publisher\" content=\"https:\/\/www.facebook.com\/frauenfestival\" \/>\n<meta property=\"og:image\" content=\"https:\/\/iftf-frankfurt.com\/wp-content\/uploads\/sites\/2\/Rummel_RevuecMaria.Schmitz-161.jpg\" \/>\n\t<meta property=\"og:image:width\" content=\"1253\" \/>\n\t<meta property=\"og:image:height\" content=\"1880\" \/>\n\t<meta property=\"og:image:type\" content=\"image\/jpeg\" \/>\n<meta name=\"twitter:card\" content=\"summary_large_image\" \/>\n<meta name=\"twitter:label1\" content=\"Estimated reading time\" \/>\n\t<meta name=\"twitter:data1\" content=\"1 minute\" \/>\n<script type=\"application\/ld+json\" class=\"yoast-schema-graph\">{\"@context\":\"https:\/\/schema.org\",\"@graph\":[{\"@type\":\"WebPage\",\"@id\":\"https:\/\/iftf-frankfurt.com\/events\/alleinsam-ja-nein-vielleicht\/\",\"url\":\"https:\/\/iftf-frankfurt.com\/events\/alleinsam-ja-nein-vielleicht\/\",\"name\":\"Alleinsam-ja, nein, vielleicht? - International Women\u2018s* Theatre Festival\",\"isPartOf\":{\"@id\":\"https:\/\/iftf-frankfurt.com\/#website\"},\"datePublished\":\"2026-08-25T11:51:36+00:00\",\"dateModified\":\"2026-08-25T11:51:36+00:00\",\"breadcrumb\":{\"@id\":\"https:\/\/iftf-frankfurt.com\/events\/alleinsam-ja-nein-vielleicht\/#breadcrumb\"},\"inLanguage\":\"en-GB\",\"potentialAction\":[{\"@type\":\"ReadAction\",\"target\":[\"https:\/\/iftf-frankfurt.com\/events\/alleinsam-ja-nein-vielleicht\/\"]}]},{\"@type\":\"BreadcrumbList\",\"@id\":\"https:\/\/iftf-frankfurt.com\/events\/alleinsam-ja-nein-vielleicht\/#breadcrumb\",\"itemListElement\":[{\"@type\":\"ListItem\",\"position\":1,\"name\":\"Startseite\",\"item\":\"https:\/\/iftf-frankfurt.com\/en\/internationale-frauentheaterfestival-iftf\/\"},{\"@type\":\"ListItem\",\"position\":2,\"name\":\"Veranstaltungen\",\"item\":\"https:\/\/iftf-frankfurt.com\/events\/\"},{\"@type\":\"ListItem\",\"position\":3,\"name\":\"Alleinsam-ja, nein, vielleicht?\"}]},{\"@type\":\"WebSite\",\"@id\":\"https:\/\/iftf-frankfurt.com\/#website\",\"url\":\"https:\/\/iftf-frankfurt.com\/\",\"name\":\"International Women\u2018s* Theatre Festival\",\"description\":\"IF*TF\",\"publisher\":{\"@id\":\"https:\/\/iftf-frankfurt.com\/#organization\"},\"inLanguage\":\"en-GB\"},{\"@type\":\"Organization\",\"@id\":\"https:\/\/iftf-frankfurt.com\/#organization\",\"name\":\"International Womxn\u2018s* Theatre Festival\",\"url\":\"https:\/\/iftf-frankfurt.com\/\",\"logo\":{\"@type\":\"ImageObject\",\"inLanguage\":\"en-GB\",\"@id\":\"https:\/\/iftf-frankfurt.com\/#\/schema\/logo\/image\/\",\"url\":\"\",\"contentUrl\":\"\",\"caption\":\"International Womxn\u2018s* Theatre Festival\"},\"image\":{\"@id\":\"https:\/\/iftf-frankfurt.com\/#\/schema\/logo\/image\/\"},\"sameAs\":[\"https:\/\/www.instagram.com\/frauentheaterfestival\/\",\"https:\/\/www.youtube.com\/channel\/UC80VX69VC0NxXd6a89DoydA\",\"https:\/\/www.facebook.com\/frauenfestival\"]}]}<\/script>\n<!-- \/ Yoast SEO plugin. -->","yoast_head_json":{"title":"Alleinsam-ja, nein, vielleicht? - International Women\u2018s* Theatre Festival","robots":{"index":"index","follow":"follow","max-snippet":"max-snippet:-1","max-image-preview":"max-image-preview:large","max-video-preview":"max-video-preview:-1"},"canonical":"https:\/\/iftf-frankfurt.com\/events\/alleinsam-ja-nein-vielleicht\/","og_locale":"en_GB","og_type":"article","og_title":"Alleinsam-ja, nein, vielleicht? - International Women\u2018s* Theatre Festival","og_description":"Mim\u00ed &#8220;ENG below&#8221; Die meisten von uns waren schon einmal verliebt, vielleicht sind sie es immer noch. Manche Liebesgeschichten sind nur eine Kurzgeschichte, andere dauern ein ganzes Leben und viele sind irgendwas dazwischen. Diese Geschichten hat Mim\u00ed sich erz\u00e4hlen lassen, die ein oder andere auch...","og_url":"https:\/\/iftf-frankfurt.com\/events\/alleinsam-ja-nein-vielleicht\/","og_site_name":"International Women\u2018s* Theatre Festival","article_publisher":"https:\/\/www.facebook.com\/frauenfestival","og_image":[{"width":1253,"height":1880,"url":"https:\/\/iftf-frankfurt.com\/wp-content\/uploads\/sites\/2\/Rummel_RevuecMaria.Schmitz-161.jpg","type":"image\/jpeg"}],"twitter_card":"summary_large_image","twitter_misc":{"Estimated reading time":"1 minute"},"schema":{"@context":"https:\/\/schema.org","@graph":[{"@type":"WebPage","@id":"https:\/\/iftf-frankfurt.com\/events\/alleinsam-ja-nein-vielleicht\/","url":"https:\/\/iftf-frankfurt.com\/events\/alleinsam-ja-nein-vielleicht\/","name":"Alleinsam-ja, nein, vielleicht? - International Women\u2018s* Theatre Festival","isPartOf":{"@id":"https:\/\/iftf-frankfurt.com\/#website"},"datePublished":"2026-08-25T11:51:36+00:00","dateModified":"2026-08-25T11:51:36+00:00","breadcrumb":{"@id":"https:\/\/iftf-frankfurt.com\/events\/alleinsam-ja-nein-vielleicht\/#breadcrumb"},"inLanguage":"en-GB","potentialAction":[{"@type":"ReadAction","target":["https:\/\/iftf-frankfurt.com\/events\/alleinsam-ja-nein-vielleicht\/"]}]},{"@type":"BreadcrumbList","@id":"https:\/\/iftf-frankfurt.com\/events\/alleinsam-ja-nein-vielleicht\/#breadcrumb","itemListElement":[{"@type":"ListItem","position":1,"name":"Startseite","item":"https:\/\/iftf-frankfurt.com\/en\/internationale-frauentheaterfestival-iftf\/"},{"@type":"ListItem","position":2,"name":"Veranstaltungen","item":"https:\/\/iftf-frankfurt.com\/events\/"},{"@type":"ListItem","position":3,"name":"Alleinsam-ja, nein, vielleicht?"}]},{"@type":"WebSite","@id":"https:\/\/iftf-frankfurt.com\/#website","url":"https:\/\/iftf-frankfurt.com\/","name":"International Women\u2018s* Theatre Festival","description":"IF*TF","publisher":{"@id":"https:\/\/iftf-frankfurt.com\/#organization"},"inLanguage":"en-GB"},{"@type":"Organization","@id":"https:\/\/iftf-frankfurt.com\/#organization","name":"International Womxn\u2018s* Theatre Festival","url":"https:\/\/iftf-frankfurt.com\/","logo":{"@type":"ImageObject","inLanguage":"en-GB","@id":"https:\/\/iftf-frankfurt.com\/#\/schema\/logo\/image\/","url":"","contentUrl":"","caption":"International Womxn\u2018s* Theatre Festival"},"image":{"@id":"https:\/\/iftf-frankfurt.com\/#\/schema\/logo\/image\/"},"sameAs":["https:\/\/www.instagram.com\/frauentheaterfestival\/","https:\/\/www.youtube.com\/channel\/UC80VX69VC0NxXd6a89DoydA","https:\/\/www.facebook.com\/frauenfestival"]}]}},"_links":{"self":[{"href":"https:\/\/iftf-frankfurt.com\/en\/wp-json\/wp\/v2\/mec-events\/26556","targetHints":{"allow":["GET"]}}],"collection":[{"href":"https:\/\/iftf-frankfurt.com\/en\/wp-json\/wp\/v2\/mec-events"}],"about":[{"href":"https:\/\/iftf-frankfurt.com\/en\/wp-json\/wp\/v2\/types\/mec-events"}],"author":[{"embeddable":true,"href":"https:\/\/iftf-frankfurt.com\/en\/wp-json\/wp\/v2\/users\/7"}],"replies":[{"embeddable":true,"href":"https:\/\/iftf-frankfurt.com\/en\/wp-json\/wp\/v2\/comments?post=26556"}],"version-history":[{"count":1,"href":"https:\/\/iftf-frankfurt.com\/en\/wp-json\/wp\/v2\/mec-events\/26556\/revisions"}],"predecessor-version":[{"id":26559,"href":"https:\/\/iftf-frankfurt.com\/en\/wp-json\/wp\/v2\/mec-events\/26556\/revisions\/26559"}],"wp:featuredmedia":[{"embeddable":true,"href":"https:\/\/iftf-frankfurt.com\/en\/wp-json\/wp\/v2\/media\/26557"}],"wp:attachment":[{"href":"https:\/\/iftf-frankfurt.com\/en\/wp-json\/wp\/v2\/media?parent=26556"}],"wp:term":[{"taxonomy":"post_tag","embeddable":true,"href":"https:\/\/iftf-frankfurt.com\/en\/wp-json\/wp\/v2\/tags?post=26556"},{"taxonomy":"mec_category","embeddable":true,"href":"https:\/\/iftf-frankfurt.com\/en\/wp-json\/wp\/v2\/mec_category?post=26556"}],"curies":[{"name":"wp","href":"https:\/\/api.w.org\/{rel}","templated":true}]}}

<p style="text-align: left;" align="center"><span style="font-family: Times New Roman, serif;"><span style="font-size: small;">Mimí</span></span></p>
<p align="left"><span style="font-size: small;">&#8220;ENG below&#8221;</span></p>
<p align="left"><span style="font-family: Times New Roman, serif;"><span style="font-size: small;">Die meisten von uns waren schon einmal verliebt, vielleicht sind sie es immer noch. Manche Liebesgeschichten sind nur eine Kurzgeschichte, andere dauern ein ganzes Leben und viele sind irgendwas dazwischen. Diese Geschichten hat Mimí sich erzählen lassen, die ein oder andere auch selbst erlebt und daraus eine Performance mit Erzählungen und Musik gewoben, die uns einlädt, in bittersüße Gefühle und eigene Erinnerungen einzutauchen.</span></span></p>
<p align="left"><span style="font-family: Times New Roman, serif;"><span style="font-size: small;"><strong>Spiel und Regie:</strong> Mimí</span></span></p>
<p>&nbsp;</p>
<p align="left"><span style="font-family: Times New Roman, serif;"><span style="font-size: small;">Most of us have been in love at some point—perhaps we still are. Some love stories are mere short stories, others last a lifetime, and many fall somewhere in between. Mimí gathered these stories—experiencing some firsthand—and wove them into a performance of storytelling and music that invites us to immerse ourselves in bittersweet emotions and our own memories.</span></span></p>
<p align="left"><span style="font-family: Times New Roman, serif;"><span style="font-size: small;"><strong>Performance and Direction:</strong> Mimí</span></span></p>

<p>Mimí &#8220;ENG below&#8221; Die meisten von uns waren schon einmal verliebt, vielleicht sind sie es immer noch. Manche Liebesgeschichten sind nur eine Kurzgeschichte, andere dauern ein ganzes Leben und viele sind irgendwas dazwischen. Diese Geschichten hat Mimí sich erzählen lassen, die ein oder andere auch&#8230;</p>

<!-- This site is optimized with the Yoast SEO plugin v19.13 - https://yoast.com/wordpress/plugins/seo/ -->
<title>Alleinsam-ja, nein, vielleicht? - International Women‘s* Theatre Festival</title>
<meta name="robots" content="index, follow, max-snippet:-1, max-image-preview:large, max-video-preview:-1" />
<link rel="canonical" href="https://iftf-frankfurt.com/events/alleinsam-ja-nein-vielleicht/" />
<meta property="og:locale" content="en_GB" />
<meta property="og:type" content="article" />
<meta property="og:title" content="Alleinsam-ja, nein, vielleicht? - International Women‘s* Theatre Festival" />
<meta property="og:description" content="Mimí &#8220;ENG below&#8221; Die meisten von uns waren schon einmal verliebt, vielleicht sind sie es immer noch. Manche Liebesgeschichten sind nur eine Kurzgeschichte, andere dauern ein ganzes Leben und viele sind irgendwas dazwischen. Diese Geschichten hat Mimí sich erzählen lassen, die ein oder andere auch..." />
<meta property="og:url" content="https://iftf-frankfurt.com/events/alleinsam-ja-nein-vielleicht/" />
<meta property="og:site_name" content="International Women‘s* Theatre Festival" />
<meta property="article:publisher" content="https://www.facebook.com/frauenfestival" />
<meta property="og:image" content="https://iftf-frankfurt.com/wp-content/uploads/sites/2/Rummel_RevuecMaria.Schmitz-161.jpg" />
	<meta property="og:image:width" content="1253" />
	<meta property="og:image:height" content="1880" />
	<meta property="og:image:type" content="image/jpeg" />
<meta name="twitter:card" content="summary_large_image" />
<meta name="twitter:label1" content="Estimated reading time" />
	<meta name="twitter:data1" content="1 minute" />
<script type="application/ld+json" class="yoast-schema-graph">{"@context":"https://schema.org","@graph":[{"@type":"WebPage","@id":"https://iftf-frankfurt.com/events/alleinsam-ja-nein-vielleicht/","url":"https://iftf-frankfurt.com/events/alleinsam-ja-nein-vielleicht/","name":"Alleinsam-ja, nein, vielleicht? - International Women‘s* Theatre Festival","isPartOf":{"@id":"https://iftf-frankfurt.com/#website"},"datePublished":"2026-08-25T11:51:36+00:00","dateModified":"2026-08-25T11:51:36+00:00","breadcrumb":{"@id":"https://iftf-frankfurt.com/events/alleinsam-ja-nein-vielleicht/#breadcrumb"},"inLanguage":"en-GB","potentialAction":[{"@type":"ReadAction","target":["https://iftf-frankfurt.com/events/alleinsam-ja-nein-vielleicht/"]}]},{"@type":"BreadcrumbList","@id":"https://iftf-frankfurt.com/events/alleinsam-ja-nein-vielleicht/#breadcrumb","itemListElement":[{"@type":"ListItem","position":1,"name":"Startseite","item":"https://iftf-frankfurt.com/en/internationale-frauentheaterfestival-iftf/"},{"@type":"ListItem","position":2,"name":"Veranstaltungen","item":"https://iftf-frankfurt.com/events/"},{"@type":"ListItem","position":3,"name":"Alleinsam-ja, nein, vielleicht?"}]},{"@type":"WebSite","@id":"https://iftf-frankfurt.com/#website","url":"https://iftf-frankfurt.com/","name":"International Women‘s* Theatre Festival","description":"IF*TF","publisher":{"@id":"https://iftf-frankfurt.com/#organization"},"inLanguage":"en-GB"},{"@type":"Organization","@id":"https://iftf-frankfurt.com/#organization","name":"International Womxn‘s* Theatre Festival","url":"https://iftf-frankfurt.com/","logo":{"@type":"ImageObject","inLanguage":"en-GB","@id":"https://iftf-frankfurt.com/#/schema/logo/image/","url":"","contentUrl":"","caption":"International Womxn‘s* Theatre Festival"},"image":{"@id":"https://iftf-frankfurt.com/#/schema/logo/image/"},"sameAs":["https://www.instagram.com/frauentheaterfestival/","https://www.youtube.com/channel/UC80VX69VC0NxXd6a89DoydA","https://www.facebook.com/frauenfestival"]}]}</script>
<!-- / Yoast SEO plugin. -->

Mimí &#8220;ENG below&#8221; Die meisten von uns waren schon einmal verliebt, vielleicht sind sie es immer noch. Manche Liebesgeschichten sind nur eine Kurzgeschichte, andere dauern ein ganzes Leben und viele sind irgendwas dazwischen. Diese Geschichten hat Mimí sich erzählen lassen, die ein oder andere auch...
