{"id":26617,"date":"2026-08-25T17:40:16","date_gmt":"2026-08-25T15:40:16","guid":{"rendered":"https:\/\/iftf-frankfurt.com\/?post_type=mec-events&#038;p=26617"},"modified":"2026-08-31T15:19:10","modified_gmt":"2026-08-31T13:19:10","slug":"wolkenschloss-eine-heldinreise-in-die-maerchenwelt","status":"publish","type":"mec-events","link":"https:\/\/iftf-frankfurt.com\/en\/events\/wolkenschloss-eine-heldinreise-in-die-maerchenwelt\/","title":{"rendered":"Wolkenschloss: Eine Heldinreise in die M\u00e4rchenwelt"},"content":{"rendered":"<p align=\"left\"><span style=\"font-family: Times New Roman, serif;\"><span style=\"font-size: small;\">MIM\u00ed<\/span><\/span><\/p>\n<p align=\"left\"><span style=\"font-size: small;\">&#8220;ENG below&#8221;<\/span><\/p>\n<p align=\"left\"><span style=\"font-family: Times New Roman, serif;\"><span style=\"font-size: small;\">Gemeinsam gehen wir in die Welt der M\u00e4rchen, um dort eine Heldin auf ihrer Reise zu begleiten. <\/span><\/span><span style=\"font-family: Times New Roman, serif;\"><span style=\"font-size: small;\">Manche Heldinnen kommen n\u00e4mlich nicht in einem schicken Kost\u00fcm daher und sind auch nicht <\/span><\/span><span style=\"font-family: Times New Roman, serif;\"><span style=\"font-size: small;\">als Heldinnen geboren. Oft sind es ganz gew\u00f6hnliche M\u00e4dchen, die durch eine Herausforderung <\/span><\/span><span style=\"font-family: Times New Roman, serif;\"><span style=\"font-size: small;\">des Lebens all ihren Mut zusammennehmen und sich auf die Reise begeben m\u00fcssen. Gemeinsam <\/span><\/span><span style=\"font-family: Times New Roman, serif;\"><span style=\"font-size: small;\">werden wir nach der Geschichte Erz\u00e4hlsteine suchen und gestalten, damit die Kinder eine Portion <\/span><\/span><span style=\"font-family: Times New Roman, serif;\"><span style=\"font-size: small;\">Mut mit nach Hause nehmen k\u00f6nnen.<\/span><\/span><\/p>\n<p align=\"left\"><span style=\"font-family: Times New Roman, serif;\"><span style=\"font-size: small;\"><strong>Sprache:<\/strong> Deutsch<\/span><\/span><\/p>\n<p align=\"left\"><span style=\"font-family: Times New Roman, serif;\"><span style=\"font-size: small;\"><strong>Spiel und Regie:<\/strong> MIm\u00ed<\/span><\/span><\/p>\n<p>&nbsp;<\/p>\n<p align=\"left\"><span style=\"font-family: Times New Roman, serif;\"><span style=\"font-size: small;\">Together, we will step into the world of fairy tales to accompany a heroine on her journey. After all, some heroines don\u2019t show up in fancy costumes, nor are they born as heroines. Often, they are ordinary girls who\u2014faced with a life challenge\u2014must summon all their courage and set out on a journey. Together, we will find and decorate storytelling stones inspired by the tale, so the children can take a dose of courage home with them<\/span><\/span><span style=\"font-family: Times New Roman, serif;\"><span style=\"font-size: small;\">.<\/span><\/span><\/p>\n<p align=\"left\"><span style=\"font-family: Times New Roman, serif;\"><span style=\"font-size: small;\"><strong>Language:<\/strong> German<\/span><\/span><\/p>\n<p align=\"left\"><span style=\"font-family: Times New Roman, serif;\"><span style=\"font-size: small;\"><strong>Performance and Director:<\/strong> MIm\u00ed<\/span><\/span><\/p>\n","protected":false},"excerpt":{"rendered":"<p>MIM\u00ed &#8220;ENG below&#8221; Gemeinsam gehen wir in die Welt der M\u00e4rchen, um dort eine Heldin auf ihrer Reise zu begleiten. Manche Heldinnen kommen n\u00e4mlich nicht in einem schicken Kost\u00fcm daher und sind auch nicht als Heldinnen geboren. Oft sind es ganz gew\u00f6hnliche M\u00e4dchen, die durch&#8230;<\/p>\n","protected":false},"author":7,"featured_media":26557,"comment_status":"closed","ping_status":"closed","template":"","tags":[],"mec_category":[109,21],"class_list":["post-26617","mec-events","type-mec-events","status-publish","has-post-thumbnail","hentry","mec_category-familienprogramm","mec_category-theater-performance"],"yoast_head":"<!-- This site is optimized with the Yoast SEO plugin v19.13 - https:\/\/yoast.com\/wordpress\/plugins\/seo\/ -->\n<title>Wolkenschloss: Eine Heldinreise in die M\u00e4rchenwelt - International Women\u2018s* Theatre Festival<\/title>\n<meta name=\"robots\" content=\"index, follow, max-snippet:-1, max-image-preview:large, max-video-preview:-1\" \/>\n<link rel=\"canonical\" href=\"https:\/\/iftf-frankfurt.com\/events\/wolkenschloss-eine-heldinreise-in-die-maerchenwelt\/\" \/>\n<meta property=\"og:locale\" content=\"en_GB\" \/>\n<meta property=\"og:type\" content=\"article\" \/>\n<meta property=\"og:title\" content=\"Wolkenschloss: Eine Heldinreise in die M\u00e4rchenwelt - International Women\u2018s* Theatre Festival\" \/>\n<meta property=\"og:description\" content=\"MIM\u00ed &#8220;ENG below&#8221; Gemeinsam gehen wir in die Welt der M\u00e4rchen, um dort eine Heldin auf ihrer Reise zu begleiten. Manche Heldinnen kommen n\u00e4mlich nicht in einem schicken Kost\u00fcm daher und sind auch nicht als Heldinnen geboren. Oft sind es ganz gew\u00f6hnliche M\u00e4dchen, die durch...\" \/>\n<meta property=\"og:url\" content=\"https:\/\/iftf-frankfurt.com\/events\/wolkenschloss-eine-heldinreise-in-die-maerchenwelt\/\" \/>\n<meta property=\"og:site_name\" content=\"International Women\u2018s* Theatre Festival\" \/>\n<meta property=\"article:publisher\" content=\"https:\/\/www.facebook.com\/frauenfestival\" \/>\n<meta property=\"article:modified_time\" content=\"2026-08-31T13:19:10+00:00\" \/>\n<meta property=\"og:image\" content=\"https:\/\/iftf-frankfurt.com\/wp-content\/uploads\/sites\/2\/Rummel_RevuecMaria.Schmitz-161.jpg\" \/>\n\t<meta property=\"og:image:width\" content=\"1253\" \/>\n\t<meta property=\"og:image:height\" content=\"1880\" \/>\n\t<meta property=\"og:image:type\" content=\"image\/jpeg\" \/>\n<meta name=\"twitter:card\" content=\"summary_large_image\" \/>\n<meta name=\"twitter:label1\" content=\"Estimated reading time\" \/>\n\t<meta name=\"twitter:data1\" content=\"1 minute\" \/>\n<script type=\"application\/ld+json\" class=\"yoast-schema-graph\">{\"@context\":\"https:\/\/schema.org\",\"@graph\":[{\"@type\":\"WebPage\",\"@id\":\"https:\/\/iftf-frankfurt.com\/events\/wolkenschloss-eine-heldinreise-in-die-maerchenwelt\/\",\"url\":\"https:\/\/iftf-frankfurt.com\/events\/wolkenschloss-eine-heldinreise-in-die-maerchenwelt\/\",\"name\":\"Wolkenschloss: Eine Heldinreise in die M\u00e4rchenwelt - International Women\u2018s* Theatre Festival\",\"isPartOf\":{\"@id\":\"https:\/\/iftf-frankfurt.com\/#website\"},\"datePublished\":\"2026-08-25T15:40:16+00:00\",\"dateModified\":\"2026-08-31T13:19:10+00:00\",\"breadcrumb\":{\"@id\":\"https:\/\/iftf-frankfurt.com\/events\/wolkenschloss-eine-heldinreise-in-die-maerchenwelt\/#breadcrumb\"},\"inLanguage\":\"en-GB\",\"potentialAction\":[{\"@type\":\"ReadAction\",\"target\":[\"https:\/\/iftf-frankfurt.com\/events\/wolkenschloss-eine-heldinreise-in-die-maerchenwelt\/\"]}]},{\"@type\":\"BreadcrumbList\",\"@id\":\"https:\/\/iftf-frankfurt.com\/events\/wolkenschloss-eine-heldinreise-in-die-maerchenwelt\/#breadcrumb\",\"itemListElement\":[{\"@type\":\"ListItem\",\"position\":1,\"name\":\"Startseite\",\"item\":\"https:\/\/iftf-frankfurt.com\/en\/internationale-frauentheaterfestival-iftf\/\"},{\"@type\":\"ListItem\",\"position\":2,\"name\":\"Veranstaltungen\",\"item\":\"https:\/\/iftf-frankfurt.com\/events\/\"},{\"@type\":\"ListItem\",\"position\":3,\"name\":\"Wolkenschloss: Eine Heldinreise in die M\u00e4rchenwelt\"}]},{\"@type\":\"WebSite\",\"@id\":\"https:\/\/iftf-frankfurt.com\/#website\",\"url\":\"https:\/\/iftf-frankfurt.com\/\",\"name\":\"International Women\u2018s* Theatre Festival\",\"description\":\"IF*TF\",\"publisher\":{\"@id\":\"https:\/\/iftf-frankfurt.com\/#organization\"},\"inLanguage\":\"en-GB\"},{\"@type\":\"Organization\",\"@id\":\"https:\/\/iftf-frankfurt.com\/#organization\",\"name\":\"International Womxn\u2018s* Theatre Festival\",\"url\":\"https:\/\/iftf-frankfurt.com\/\",\"logo\":{\"@type\":\"ImageObject\",\"inLanguage\":\"en-GB\",\"@id\":\"https:\/\/iftf-frankfurt.com\/#\/schema\/logo\/image\/\",\"url\":\"\",\"contentUrl\":\"\",\"caption\":\"International Womxn\u2018s* Theatre Festival\"},\"image\":{\"@id\":\"https:\/\/iftf-frankfurt.com\/#\/schema\/logo\/image\/\"},\"sameAs\":[\"https:\/\/www.instagram.com\/frauentheaterfestival\/\",\"https:\/\/www.youtube.com\/channel\/UC80VX69VC0NxXd6a89DoydA\",\"https:\/\/www.facebook.com\/frauenfestival\"]}]}<\/script>\n<!-- \/ Yoast SEO plugin. -->","yoast_head_json":{"title":"Wolkenschloss: Eine Heldinreise in die M\u00e4rchenwelt - International Women\u2018s* Theatre Festival","robots":{"index":"index","follow":"follow","max-snippet":"max-snippet:-1","max-image-preview":"max-image-preview:large","max-video-preview":"max-video-preview:-1"},"canonical":"https:\/\/iftf-frankfurt.com\/events\/wolkenschloss-eine-heldinreise-in-die-maerchenwelt\/","og_locale":"en_GB","og_type":"article","og_title":"Wolkenschloss: Eine Heldinreise in die M\u00e4rchenwelt - International Women\u2018s* Theatre Festival","og_description":"MIM\u00ed &#8220;ENG below&#8221; Gemeinsam gehen wir in die Welt der M\u00e4rchen, um dort eine Heldin auf ihrer Reise zu begleiten. Manche Heldinnen kommen n\u00e4mlich nicht in einem schicken Kost\u00fcm daher und sind auch nicht als Heldinnen geboren. Oft sind es ganz gew\u00f6hnliche M\u00e4dchen, die durch...","og_url":"https:\/\/iftf-frankfurt.com\/events\/wolkenschloss-eine-heldinreise-in-die-maerchenwelt\/","og_site_name":"International Women\u2018s* Theatre Festival","article_publisher":"https:\/\/www.facebook.com\/frauenfestival","article_modified_time":"2026-08-31T13:19:10+00:00","og_image":[{"width":1253,"height":1880,"url":"https:\/\/iftf-frankfurt.com\/wp-content\/uploads\/sites\/2\/Rummel_RevuecMaria.Schmitz-161.jpg","type":"image\/jpeg"}],"twitter_card":"summary_large_image","twitter_misc":{"Estimated reading time":"1 minute"},"schema":{"@context":"https:\/\/schema.org","@graph":[{"@type":"WebPage","@id":"https:\/\/iftf-frankfurt.com\/events\/wolkenschloss-eine-heldinreise-in-die-maerchenwelt\/","url":"https:\/\/iftf-frankfurt.com\/events\/wolkenschloss-eine-heldinreise-in-die-maerchenwelt\/","name":"Wolkenschloss: Eine Heldinreise in die M\u00e4rchenwelt - International Women\u2018s* Theatre Festival","isPartOf":{"@id":"https:\/\/iftf-frankfurt.com\/#website"},"datePublished":"2026-08-25T15:40:16+00:00","dateModified":"2026-08-31T13:19:10+00:00","breadcrumb":{"@id":"https:\/\/iftf-frankfurt.com\/events\/wolkenschloss-eine-heldinreise-in-die-maerchenwelt\/#breadcrumb"},"inLanguage":"en-GB","potentialAction":[{"@type":"ReadAction","target":["https:\/\/iftf-frankfurt.com\/events\/wolkenschloss-eine-heldinreise-in-die-maerchenwelt\/"]}]},{"@type":"BreadcrumbList","@id":"https:\/\/iftf-frankfurt.com\/events\/wolkenschloss-eine-heldinreise-in-die-maerchenwelt\/#breadcrumb","itemListElement":[{"@type":"ListItem","position":1,"name":"Startseite","item":"https:\/\/iftf-frankfurt.com\/en\/internationale-frauentheaterfestival-iftf\/"},{"@type":"ListItem","position":2,"name":"Veranstaltungen","item":"https:\/\/iftf-frankfurt.com\/events\/"},{"@type":"ListItem","position":3,"name":"Wolkenschloss: Eine Heldinreise in die M\u00e4rchenwelt"}]},{"@type":"WebSite","@id":"https:\/\/iftf-frankfurt.com\/#website","url":"https:\/\/iftf-frankfurt.com\/","name":"International Women\u2018s* Theatre Festival","description":"IF*TF","publisher":{"@id":"https:\/\/iftf-frankfurt.com\/#organization"},"inLanguage":"en-GB"},{"@type":"Organization","@id":"https:\/\/iftf-frankfurt.com\/#organization","name":"International Womxn\u2018s* Theatre Festival","url":"https:\/\/iftf-frankfurt.com\/","logo":{"@type":"ImageObject","inLanguage":"en-GB","@id":"https:\/\/iftf-frankfurt.com\/#\/schema\/logo\/image\/","url":"","contentUrl":"","caption":"International Womxn\u2018s* Theatre Festival"},"image":{"@id":"https:\/\/iftf-frankfurt.com\/#\/schema\/logo\/image\/"},"sameAs":["https:\/\/www.instagram.com\/frauentheaterfestival\/","https:\/\/www.youtube.com\/channel\/UC80VX69VC0NxXd6a89DoydA","https:\/\/www.facebook.com\/frauenfestival"]}]}},"_links":{"self":[{"href":"https:\/\/iftf-frankfurt.com\/en\/wp-json\/wp\/v2\/mec-events\/26617","targetHints":{"allow":["GET"]}}],"collection":[{"href":"https:\/\/iftf-frankfurt.com\/en\/wp-json\/wp\/v2\/mec-events"}],"about":[{"href":"https:\/\/iftf-frankfurt.com\/en\/wp-json\/wp\/v2\/types\/mec-events"}],"author":[{"embeddable":true,"href":"https:\/\/iftf-frankfurt.com\/en\/wp-json\/wp\/v2\/users\/7"}],"replies":[{"embeddable":true,"href":"https:\/\/iftf-frankfurt.com\/en\/wp-json\/wp\/v2\/comments?post=26617"}],"version-history":[{"count":1,"href":"https:\/\/iftf-frankfurt.com\/en\/wp-json\/wp\/v2\/mec-events\/26617\/revisions"}],"predecessor-version":[{"id":26618,"href":"https:\/\/iftf-frankfurt.com\/en\/wp-json\/wp\/v2\/mec-events\/26617\/revisions\/26618"}],"wp:featuredmedia":[{"embeddable":true,"href":"https:\/\/iftf-frankfurt.com\/en\/wp-json\/wp\/v2\/media\/26557"}],"wp:attachment":[{"href":"https:\/\/iftf-frankfurt.com\/en\/wp-json\/wp\/v2\/media?parent=26617"}],"wp:term":[{"taxonomy":"post_tag","embeddable":true,"href":"https:\/\/iftf-frankfurt.com\/en\/wp-json\/wp\/v2\/tags?post=26617"},{"taxonomy":"mec_category","embeddable":true,"href":"https:\/\/iftf-frankfurt.com\/en\/wp-json\/wp\/v2\/mec_category?post=26617"}],"curies":[{"name":"wp","href":"https:\/\/api.w.org\/{rel}","templated":true}]}}

Wolkenschloss: Eine Heldinreise in die Märchenwelt

<p align="left"><span style="font-family: Times New Roman, serif;"><span style="font-size: small;">MIMí</span></span></p>
<p align="left"><span style="font-size: small;">&#8220;ENG below&#8221;</span></p>
<p align="left"><span style="font-family: Times New Roman, serif;"><span style="font-size: small;">Gemeinsam gehen wir in die Welt der Märchen, um dort eine Heldin auf ihrer Reise zu begleiten. </span></span><span style="font-family: Times New Roman, serif;"><span style="font-size: small;">Manche Heldinnen kommen nämlich nicht in einem schicken Kostüm daher und sind auch nicht </span></span><span style="font-family: Times New Roman, serif;"><span style="font-size: small;">als Heldinnen geboren. Oft sind es ganz gewöhnliche Mädchen, die durch eine Herausforderung </span></span><span style="font-family: Times New Roman, serif;"><span style="font-size: small;">des Lebens all ihren Mut zusammennehmen und sich auf die Reise begeben müssen. Gemeinsam </span></span><span style="font-family: Times New Roman, serif;"><span style="font-size: small;">werden wir nach der Geschichte Erzählsteine suchen und gestalten, damit die Kinder eine Portion </span></span><span style="font-family: Times New Roman, serif;"><span style="font-size: small;">Mut mit nach Hause nehmen können.</span></span></p>
<p align="left"><span style="font-family: Times New Roman, serif;"><span style="font-size: small;"><strong>Sprache:</strong> Deutsch</span></span></p>
<p align="left"><span style="font-family: Times New Roman, serif;"><span style="font-size: small;"><strong>Spiel und Regie:</strong> MImí</span></span></p>
<p>&nbsp;</p>
<p align="left"><span style="font-family: Times New Roman, serif;"><span style="font-size: small;">Together, we will step into the world of fairy tales to accompany a heroine on her journey. After all, some heroines don’t show up in fancy costumes, nor are they born as heroines. Often, they are ordinary girls who—faced with a life challenge—must summon all their courage and set out on a journey. Together, we will find and decorate storytelling stones inspired by the tale, so the children can take a dose of courage home with them</span></span><span style="font-family: Times New Roman, serif;"><span style="font-size: small;">.</span></span></p>
<p align="left"><span style="font-family: Times New Roman, serif;"><span style="font-size: small;"><strong>Language:</strong> German</span></span></p>
<p align="left"><span style="font-family: Times New Roman, serif;"><span style="font-size: small;"><strong>Performance and Director:</strong> MImí</span></span></p>

<p>MIMí &#8220;ENG below&#8221; Gemeinsam gehen wir in die Welt der Märchen, um dort eine Heldin auf ihrer Reise zu begleiten. Manche Heldinnen kommen nämlich nicht in einem schicken Kostüm daher und sind auch nicht als Heldinnen geboren. Oft sind es ganz gewöhnliche Mädchen, die durch&#8230;</p>

<!-- This site is optimized with the Yoast SEO plugin v19.13 - https://yoast.com/wordpress/plugins/seo/ -->
<title>Wolkenschloss: Eine Heldinreise in die Märchenwelt - International Women‘s* Theatre Festival</title>
<meta name="robots" content="index, follow, max-snippet:-1, max-image-preview:large, max-video-preview:-1" />
<link rel="canonical" href="https://iftf-frankfurt.com/events/wolkenschloss-eine-heldinreise-in-die-maerchenwelt/" />
<meta property="og:locale" content="en_GB" />
<meta property="og:type" content="article" />
<meta property="og:title" content="Wolkenschloss: Eine Heldinreise in die Märchenwelt - International Women‘s* Theatre Festival" />
<meta property="og:description" content="MIMí &#8220;ENG below&#8221; Gemeinsam gehen wir in die Welt der Märchen, um dort eine Heldin auf ihrer Reise zu begleiten. Manche Heldinnen kommen nämlich nicht in einem schicken Kostüm daher und sind auch nicht als Heldinnen geboren. Oft sind es ganz gewöhnliche Mädchen, die durch..." />
<meta property="og:url" content="https://iftf-frankfurt.com/events/wolkenschloss-eine-heldinreise-in-die-maerchenwelt/" />
<meta property="og:site_name" content="International Women‘s* Theatre Festival" />
<meta property="article:publisher" content="https://www.facebook.com/frauenfestival" />
<meta property="article:modified_time" content="2026-08-31T13:19:10+00:00" />
<meta property="og:image" content="https://iftf-frankfurt.com/wp-content/uploads/sites/2/Rummel_RevuecMaria.Schmitz-161.jpg" />
	<meta property="og:image:width" content="1253" />
	<meta property="og:image:height" content="1880" />
	<meta property="og:image:type" content="image/jpeg" />
<meta name="twitter:card" content="summary_large_image" />
<meta name="twitter:label1" content="Estimated reading time" />
	<meta name="twitter:data1" content="1 minute" />
<script type="application/ld+json" class="yoast-schema-graph">{"@context":"https://schema.org","@graph":[{"@type":"WebPage","@id":"https://iftf-frankfurt.com/events/wolkenschloss-eine-heldinreise-in-die-maerchenwelt/","url":"https://iftf-frankfurt.com/events/wolkenschloss-eine-heldinreise-in-die-maerchenwelt/","name":"Wolkenschloss: Eine Heldinreise in die Märchenwelt - International Women‘s* Theatre Festival","isPartOf":{"@id":"https://iftf-frankfurt.com/#website"},"datePublished":"2026-08-25T15:40:16+00:00","dateModified":"2026-08-31T13:19:10+00:00","breadcrumb":{"@id":"https://iftf-frankfurt.com/events/wolkenschloss-eine-heldinreise-in-die-maerchenwelt/#breadcrumb"},"inLanguage":"en-GB","potentialAction":[{"@type":"ReadAction","target":["https://iftf-frankfurt.com/events/wolkenschloss-eine-heldinreise-in-die-maerchenwelt/"]}]},{"@type":"BreadcrumbList","@id":"https://iftf-frankfurt.com/events/wolkenschloss-eine-heldinreise-in-die-maerchenwelt/#breadcrumb","itemListElement":[{"@type":"ListItem","position":1,"name":"Startseite","item":"https://iftf-frankfurt.com/en/internationale-frauentheaterfestival-iftf/"},{"@type":"ListItem","position":2,"name":"Veranstaltungen","item":"https://iftf-frankfurt.com/events/"},{"@type":"ListItem","position":3,"name":"Wolkenschloss: Eine Heldinreise in die Märchenwelt"}]},{"@type":"WebSite","@id":"https://iftf-frankfurt.com/#website","url":"https://iftf-frankfurt.com/","name":"International Women‘s* Theatre Festival","description":"IF*TF","publisher":{"@id":"https://iftf-frankfurt.com/#organization"},"inLanguage":"en-GB"},{"@type":"Organization","@id":"https://iftf-frankfurt.com/#organization","name":"International Womxn‘s* Theatre Festival","url":"https://iftf-frankfurt.com/","logo":{"@type":"ImageObject","inLanguage":"en-GB","@id":"https://iftf-frankfurt.com/#/schema/logo/image/","url":"","contentUrl":"","caption":"International Womxn‘s* Theatre Festival"},"image":{"@id":"https://iftf-frankfurt.com/#/schema/logo/image/"},"sameAs":["https://www.instagram.com/frauentheaterfestival/","https://www.youtube.com/channel/UC80VX69VC0NxXd6a89DoydA","https://www.facebook.com/frauenfestival"]}]}</script>
<!-- / Yoast SEO plugin. -->

Wolkenschloss: Eine Heldinreise in die Märchenwelt - International Women‘s* Theatre Festival

MIMí &#8220;ENG below&#8221; Gemeinsam gehen wir in die Welt der Märchen, um dort eine Heldin auf ihrer Reise zu begleiten. Manche Heldinnen kommen nämlich nicht in einem schicken Kostüm daher und sind auch nicht als Heldinnen geboren. Oft sind es ganz gewöhnliche Mädchen, die durch...
