{"id":26647,"date":"2026-08-25T18:51:38","date_gmt":"2026-08-25T16:51:38","guid":{"rendered":"https:\/\/iftf-frankfurt.com\/?post_type=mec-events&#038;p=26647"},"modified":"2026-09-03T13:19:06","modified_gmt":"2026-09-03T11:19:06","slug":"feministischer-literatursalon-mit-musik-stimmen-aus-brasilien","status":"publish","type":"mec-events","link":"https:\/\/iftf-frankfurt.com\/en\/events\/feministischer-literatursalon-mit-musik-stimmen-aus-brasilien\/","title":{"rendered":"Feministischer Literatursalon mit Musik- Stimmen aus Brasilien"},"content":{"rendered":"<p align=\"left\"><span style=\"font-size: small;\">&#8220;ENG below&#8221;<\/span><\/p>\n<p align=\"left\"><span style=\"font-family: Times New Roman, serif;\"><span style=\"font-size: small;\">Der Feministische Salon l\u00e4dt zu einem Abend voller Stimmen, Ideen und Kreati-<br \/>\nvit\u00e4t ein. Im Mittelpunkt dieser Ausgabe steht das Festivalthema \u201eFeminist Democracy\u201c. Die Veranstaltung schafft einen besonderen Raum f\u00fcr Frauen* und ihre Literaturen, Geschichten, Perspektiven und vielf\u00e4ltigen k\u00fcnstlerischen Ausdrucksformen. Brasilianische Spoken-Word-K\u00fcnstlerinnen und Autorinnen geben Einblicke in ihre literarischen Werke und teilen Ausz\u00fcge aus Gedichten und Prosatexten, musikalisch begleitet von Tina Freitas. Ein Abend mit Begegnung und Austausch zwischen Kontinenten, Sprachen und migrantischen Lebenswelten. Die Texte werden auf Portugiesisch gelesen und f\u00fcr das Publikum ins Deutsche \u00fcbersetzt. <\/span><\/span><\/p>\n<p align=\"left\"><span style=\"font-family: Times New Roman, serif;\"><span style=\"font-size: small;\">Mit Ana Gra\u00e7a Wittkowski, Maria Mazarelo, Bet\u00e2nia Ramos Schr\u00f6der, Rita Rios, Terezinha Malaquias, Lilian dos Santos und Silvana Carvalho<\/span><\/span><\/p>\n<p>&nbsp;<\/p>\n<p align=\"left\"><span style=\"font-family: Times New Roman, serif;\"><span style=\"font-size: small;\">The Feminist Salon invites you to an evening full of voices, ideas and creativity.<br \/>\nThis edition centres on the festival theme \u2018Feminist Democracy\u2019. The event creates a special space for women* and their literature, stories, perspectives and diverse forms of artistic expression. Brazilian spoken-word artists and authors will offer insights into their literary works and share extracts from poems and prose, accompanied musically by Tina Freitas. An evening of encounters and exchange across continents, languages and migrant communities. The texts will be read in Portuguese and translated into German for the audience.<\/span><\/span><\/p>\n<p align=\"left\"><span style=\"font-family: Times New Roman, serif;\"><span style=\"font-size: small;\">With Ana Gra\u00e7a Wittkowski, Maria Mazarelo, Bet\u00e2nia Ramos Schr\u00f6der, Rita Rios, Terezinha Malaquias, Lilian dos Santos und Silvana Carvalho<\/span><\/span><\/p>\n","protected":false},"excerpt":{"rendered":"<p>&#8220;ENG below&#8221; Der Feministische Salon l\u00e4dt zu einem Abend voller Stimmen, Ideen und Kreati- vit\u00e4t ein. Im Mittelpunkt dieser Ausgabe steht das Festivalthema \u201eFeminist Democracy\u201c. Die Veranstaltung schafft einen besonderen Raum f\u00fcr Frauen* und ihre Literaturen, Geschichten, Perspektiven und vielf\u00e4ltigen k\u00fcnstlerischen Ausdrucksformen. Brasilianische Spoken-Word-K\u00fcnstlerinnen und&#8230;<\/p>\n","protected":false},"author":7,"featured_media":26917,"comment_status":"closed","ping_status":"closed","template":"","tags":[],"mec_category":[21],"class_list":["post-26647","mec-events","type-mec-events","status-publish","has-post-thumbnail","hentry","mec_category-theater-performance"],"yoast_head":"<!-- This site is optimized with the Yoast SEO plugin v19.13 - https:\/\/yoast.com\/wordpress\/plugins\/seo\/ -->\n<title>Feministischer Literatursalon mit Musik- Stimmen aus Brasilien - International Women\u2018s* Theatre Festival<\/title>\n<meta name=\"robots\" content=\"index, follow, max-snippet:-1, max-image-preview:large, max-video-preview:-1\" \/>\n<link rel=\"canonical\" href=\"https:\/\/iftf-frankfurt.com\/events\/feministischer-literatursalon-mit-musik-stimmen-aus-brasilien\/\" \/>\n<meta property=\"og:locale\" content=\"en_GB\" \/>\n<meta property=\"og:type\" content=\"article\" \/>\n<meta property=\"og:title\" content=\"Feministischer Literatursalon mit Musik- Stimmen aus Brasilien - International Women\u2018s* Theatre Festival\" \/>\n<meta property=\"og:description\" content=\"&#8220;ENG below&#8221; Der Feministische Salon l\u00e4dt zu einem Abend voller Stimmen, Ideen und Kreati- vit\u00e4t ein. Im Mittelpunkt dieser Ausgabe steht das Festivalthema \u201eFeminist Democracy\u201c. Die Veranstaltung schafft einen besonderen Raum f\u00fcr Frauen* und ihre Literaturen, Geschichten, Perspektiven und vielf\u00e4ltigen k\u00fcnstlerischen Ausdrucksformen. Brasilianische Spoken-Word-K\u00fcnstlerinnen und...\" \/>\n<meta property=\"og:url\" content=\"https:\/\/iftf-frankfurt.com\/events\/feministischer-literatursalon-mit-musik-stimmen-aus-brasilien\/\" \/>\n<meta property=\"og:site_name\" content=\"International Women\u2018s* Theatre Festival\" \/>\n<meta property=\"article:publisher\" content=\"https:\/\/www.facebook.com\/frauenfestival\" \/>\n<meta property=\"article:modified_time\" content=\"2026-09-03T11:19:06+00:00\" \/>\n<meta property=\"og:image\" content=\"https:\/\/iftf-frankfurt.com\/wp-content\/uploads\/sites\/2\/8A8B9881-2FF3-4084-AD1E-33F3B5FAA3B2-scaled.jpeg\" \/>\n\t<meta property=\"og:image:width\" content=\"2560\" \/>\n\t<meta property=\"og:image:height\" content=\"1710\" \/>\n\t<meta property=\"og:image:type\" content=\"image\/jpeg\" \/>\n<meta name=\"twitter:card\" content=\"summary_large_image\" \/>\n<meta name=\"twitter:label1\" content=\"Estimated reading time\" \/>\n\t<meta name=\"twitter:data1\" content=\"2 minutes\" \/>\n<script type=\"application\/ld+json\" class=\"yoast-schema-graph\">{\"@context\":\"https:\/\/schema.org\",\"@graph\":[{\"@type\":\"WebPage\",\"@id\":\"https:\/\/iftf-frankfurt.com\/events\/feministischer-literatursalon-mit-musik-stimmen-aus-brasilien\/\",\"url\":\"https:\/\/iftf-frankfurt.com\/events\/feministischer-literatursalon-mit-musik-stimmen-aus-brasilien\/\",\"name\":\"Feministischer Literatursalon mit Musik- Stimmen aus Brasilien - International Women\u2018s* Theatre Festival\",\"isPartOf\":{\"@id\":\"https:\/\/iftf-frankfurt.com\/#website\"},\"datePublished\":\"2026-08-25T16:51:38+00:00\",\"dateModified\":\"2026-09-03T11:19:06+00:00\",\"breadcrumb\":{\"@id\":\"https:\/\/iftf-frankfurt.com\/events\/feministischer-literatursalon-mit-musik-stimmen-aus-brasilien\/#breadcrumb\"},\"inLanguage\":\"en-GB\",\"potentialAction\":[{\"@type\":\"ReadAction\",\"target\":[\"https:\/\/iftf-frankfurt.com\/events\/feministischer-literatursalon-mit-musik-stimmen-aus-brasilien\/\"]}]},{\"@type\":\"BreadcrumbList\",\"@id\":\"https:\/\/iftf-frankfurt.com\/events\/feministischer-literatursalon-mit-musik-stimmen-aus-brasilien\/#breadcrumb\",\"itemListElement\":[{\"@type\":\"ListItem\",\"position\":1,\"name\":\"Startseite\",\"item\":\"https:\/\/iftf-frankfurt.com\/en\/internationale-frauentheaterfestival-iftf\/\"},{\"@type\":\"ListItem\",\"position\":2,\"name\":\"Veranstaltungen\",\"item\":\"https:\/\/iftf-frankfurt.com\/events\/\"},{\"@type\":\"ListItem\",\"position\":3,\"name\":\"Feministischer Literatursalon mit Musik- Stimmen aus Brasilien\"}]},{\"@type\":\"WebSite\",\"@id\":\"https:\/\/iftf-frankfurt.com\/#website\",\"url\":\"https:\/\/iftf-frankfurt.com\/\",\"name\":\"International Women\u2018s* Theatre Festival\",\"description\":\"IF*TF\",\"publisher\":{\"@id\":\"https:\/\/iftf-frankfurt.com\/#organization\"},\"inLanguage\":\"en-GB\"},{\"@type\":\"Organization\",\"@id\":\"https:\/\/iftf-frankfurt.com\/#organization\",\"name\":\"International Womxn\u2018s* Theatre Festival\",\"url\":\"https:\/\/iftf-frankfurt.com\/\",\"logo\":{\"@type\":\"ImageObject\",\"inLanguage\":\"en-GB\",\"@id\":\"https:\/\/iftf-frankfurt.com\/#\/schema\/logo\/image\/\",\"url\":\"\",\"contentUrl\":\"\",\"caption\":\"International Womxn\u2018s* Theatre Festival\"},\"image\":{\"@id\":\"https:\/\/iftf-frankfurt.com\/#\/schema\/logo\/image\/\"},\"sameAs\":[\"https:\/\/www.instagram.com\/frauentheaterfestival\/\",\"https:\/\/www.youtube.com\/channel\/UC80VX69VC0NxXd6a89DoydA\",\"https:\/\/www.facebook.com\/frauenfestival\"]}]}<\/script>\n<!-- \/ Yoast SEO plugin. -->","yoast_head_json":{"title":"Feministischer Literatursalon mit Musik- Stimmen aus Brasilien - International Women\u2018s* Theatre Festival","robots":{"index":"index","follow":"follow","max-snippet":"max-snippet:-1","max-image-preview":"max-image-preview:large","max-video-preview":"max-video-preview:-1"},"canonical":"https:\/\/iftf-frankfurt.com\/events\/feministischer-literatursalon-mit-musik-stimmen-aus-brasilien\/","og_locale":"en_GB","og_type":"article","og_title":"Feministischer Literatursalon mit Musik- Stimmen aus Brasilien - International Women\u2018s* Theatre Festival","og_description":"&#8220;ENG below&#8221; Der Feministische Salon l\u00e4dt zu einem Abend voller Stimmen, Ideen und Kreati- vit\u00e4t ein. Im Mittelpunkt dieser Ausgabe steht das Festivalthema \u201eFeminist Democracy\u201c. Die Veranstaltung schafft einen besonderen Raum f\u00fcr Frauen* und ihre Literaturen, Geschichten, Perspektiven und vielf\u00e4ltigen k\u00fcnstlerischen Ausdrucksformen. Brasilianische Spoken-Word-K\u00fcnstlerinnen und...","og_url":"https:\/\/iftf-frankfurt.com\/events\/feministischer-literatursalon-mit-musik-stimmen-aus-brasilien\/","og_site_name":"International Women\u2018s* Theatre Festival","article_publisher":"https:\/\/www.facebook.com\/frauenfestival","article_modified_time":"2026-09-03T11:19:06+00:00","og_image":[{"width":2560,"height":1710,"url":"https:\/\/iftf-frankfurt.com\/wp-content\/uploads\/sites\/2\/8A8B9881-2FF3-4084-AD1E-33F3B5FAA3B2-scaled.jpeg","type":"image\/jpeg"}],"twitter_card":"summary_large_image","twitter_misc":{"Estimated reading time":"2 minutes"},"schema":{"@context":"https:\/\/schema.org","@graph":[{"@type":"WebPage","@id":"https:\/\/iftf-frankfurt.com\/events\/feministischer-literatursalon-mit-musik-stimmen-aus-brasilien\/","url":"https:\/\/iftf-frankfurt.com\/events\/feministischer-literatursalon-mit-musik-stimmen-aus-brasilien\/","name":"Feministischer Literatursalon mit Musik- Stimmen aus Brasilien - International Women\u2018s* Theatre Festival","isPartOf":{"@id":"https:\/\/iftf-frankfurt.com\/#website"},"datePublished":"2026-08-25T16:51:38+00:00","dateModified":"2026-09-03T11:19:06+00:00","breadcrumb":{"@id":"https:\/\/iftf-frankfurt.com\/events\/feministischer-literatursalon-mit-musik-stimmen-aus-brasilien\/#breadcrumb"},"inLanguage":"en-GB","potentialAction":[{"@type":"ReadAction","target":["https:\/\/iftf-frankfurt.com\/events\/feministischer-literatursalon-mit-musik-stimmen-aus-brasilien\/"]}]},{"@type":"BreadcrumbList","@id":"https:\/\/iftf-frankfurt.com\/events\/feministischer-literatursalon-mit-musik-stimmen-aus-brasilien\/#breadcrumb","itemListElement":[{"@type":"ListItem","position":1,"name":"Startseite","item":"https:\/\/iftf-frankfurt.com\/en\/internationale-frauentheaterfestival-iftf\/"},{"@type":"ListItem","position":2,"name":"Veranstaltungen","item":"https:\/\/iftf-frankfurt.com\/events\/"},{"@type":"ListItem","position":3,"name":"Feministischer Literatursalon mit Musik- Stimmen aus Brasilien"}]},{"@type":"WebSite","@id":"https:\/\/iftf-frankfurt.com\/#website","url":"https:\/\/iftf-frankfurt.com\/","name":"International Women\u2018s* Theatre Festival","description":"IF*TF","publisher":{"@id":"https:\/\/iftf-frankfurt.com\/#organization"},"inLanguage":"en-GB"},{"@type":"Organization","@id":"https:\/\/iftf-frankfurt.com\/#organization","name":"International Womxn\u2018s* Theatre Festival","url":"https:\/\/iftf-frankfurt.com\/","logo":{"@type":"ImageObject","inLanguage":"en-GB","@id":"https:\/\/iftf-frankfurt.com\/#\/schema\/logo\/image\/","url":"","contentUrl":"","caption":"International Womxn\u2018s* Theatre Festival"},"image":{"@id":"https:\/\/iftf-frankfurt.com\/#\/schema\/logo\/image\/"},"sameAs":["https:\/\/www.instagram.com\/frauentheaterfestival\/","https:\/\/www.youtube.com\/channel\/UC80VX69VC0NxXd6a89DoydA","https:\/\/www.facebook.com\/frauenfestival"]}]}},"_links":{"self":[{"href":"https:\/\/iftf-frankfurt.com\/en\/wp-json\/wp\/v2\/mec-events\/26647","targetHints":{"allow":["GET"]}}],"collection":[{"href":"https:\/\/iftf-frankfurt.com\/en\/wp-json\/wp\/v2\/mec-events"}],"about":[{"href":"https:\/\/iftf-frankfurt.com\/en\/wp-json\/wp\/v2\/types\/mec-events"}],"author":[{"embeddable":true,"href":"https:\/\/iftf-frankfurt.com\/en\/wp-json\/wp\/v2\/users\/7"}],"replies":[{"embeddable":true,"href":"https:\/\/iftf-frankfurt.com\/en\/wp-json\/wp\/v2\/comments?post=26647"}],"version-history":[{"count":3,"href":"https:\/\/iftf-frankfurt.com\/en\/wp-json\/wp\/v2\/mec-events\/26647\/revisions"}],"predecessor-version":[{"id":27174,"href":"https:\/\/iftf-frankfurt.com\/en\/wp-json\/wp\/v2\/mec-events\/26647\/revisions\/27174"}],"wp:featuredmedia":[{"embeddable":true,"href":"https:\/\/iftf-frankfurt.com\/en\/wp-json\/wp\/v2\/media\/26917"}],"wp:attachment":[{"href":"https:\/\/iftf-frankfurt.com\/en\/wp-json\/wp\/v2\/media?parent=26647"}],"wp:term":[{"taxonomy":"post_tag","embeddable":true,"href":"https:\/\/iftf-frankfurt.com\/en\/wp-json\/wp\/v2\/tags?post=26647"},{"taxonomy":"mec_category","embeddable":true,"href":"https:\/\/iftf-frankfurt.com\/en\/wp-json\/wp\/v2\/mec_category?post=26647"}],"curies":[{"name":"wp","href":"https:\/\/api.w.org\/{rel}","templated":true}]}}

<p align="left"><span style="font-size: small;">&#8220;ENG below&#8221;</span></p>
<p align="left"><span style="font-family: Times New Roman, serif;"><span style="font-size: small;">Der Feministische Salon lädt zu einem Abend voller Stimmen, Ideen und Kreati-<br />
vität ein. Im Mittelpunkt dieser Ausgabe steht das Festivalthema „Feminist Democracy“. Die Veranstaltung schafft einen besonderen Raum für Frauen* und ihre Literaturen, Geschichten, Perspektiven und vielfältigen künstlerischen Ausdrucksformen. Brasilianische Spoken-Word-Künstlerinnen und Autorinnen geben Einblicke in ihre literarischen Werke und teilen Auszüge aus Gedichten und Prosatexten, musikalisch begleitet von Tina Freitas. Ein Abend mit Begegnung und Austausch zwischen Kontinenten, Sprachen und migrantischen Lebenswelten. Die Texte werden auf Portugiesisch gelesen und für das Publikum ins Deutsche übersetzt. </span></span></p>
<p align="left"><span style="font-family: Times New Roman, serif;"><span style="font-size: small;">Mit Ana Graça Wittkowski, Maria Mazarelo, Betânia Ramos Schröder, Rita Rios, Terezinha Malaquias, Lilian dos Santos und Silvana Carvalho</span></span></p>
<p>&nbsp;</p>
<p align="left"><span style="font-family: Times New Roman, serif;"><span style="font-size: small;">The Feminist Salon invites you to an evening full of voices, ideas and creativity.<br />
This edition centres on the festival theme ‘Feminist Democracy’. The event creates a special space for women* and their literature, stories, perspectives and diverse forms of artistic expression. Brazilian spoken-word artists and authors will offer insights into their literary works and share extracts from poems and prose, accompanied musically by Tina Freitas. An evening of encounters and exchange across continents, languages and migrant communities. The texts will be read in Portuguese and translated into German for the audience.</span></span></p>
<p align="left"><span style="font-family: Times New Roman, serif;"><span style="font-size: small;">With Ana Graça Wittkowski, Maria Mazarelo, Betânia Ramos Schröder, Rita Rios, Terezinha Malaquias, Lilian dos Santos und Silvana Carvalho</span></span></p>

<p>&#8220;ENG below&#8221; Der Feministische Salon lädt zu einem Abend voller Stimmen, Ideen und Kreati- vität ein. Im Mittelpunkt dieser Ausgabe steht das Festivalthema „Feminist Democracy“. Die Veranstaltung schafft einen besonderen Raum für Frauen* und ihre Literaturen, Geschichten, Perspektiven und vielfältigen künstlerischen Ausdrucksformen. Brasilianische Spoken-Word-Künstlerinnen und&#8230;</p>

<!-- This site is optimized with the Yoast SEO plugin v19.13 - https://yoast.com/wordpress/plugins/seo/ -->
<title>Feministischer Literatursalon mit Musik- Stimmen aus Brasilien - International Women‘s* Theatre Festival</title>
<meta name="robots" content="index, follow, max-snippet:-1, max-image-preview:large, max-video-preview:-1" />
<link rel="canonical" href="https://iftf-frankfurt.com/events/feministischer-literatursalon-mit-musik-stimmen-aus-brasilien/" />
<meta property="og:locale" content="en_GB" />
<meta property="og:type" content="article" />
<meta property="og:title" content="Feministischer Literatursalon mit Musik- Stimmen aus Brasilien - International Women‘s* Theatre Festival" />
<meta property="og:description" content="&#8220;ENG below&#8221; Der Feministische Salon lädt zu einem Abend voller Stimmen, Ideen und Kreati- vität ein. Im Mittelpunkt dieser Ausgabe steht das Festivalthema „Feminist Democracy“. Die Veranstaltung schafft einen besonderen Raum für Frauen* und ihre Literaturen, Geschichten, Perspektiven und vielfältigen künstlerischen Ausdrucksformen. Brasilianische Spoken-Word-Künstlerinnen und..." />
<meta property="og:url" content="https://iftf-frankfurt.com/events/feministischer-literatursalon-mit-musik-stimmen-aus-brasilien/" />
<meta property="og:site_name" content="International Women‘s* Theatre Festival" />
<meta property="article:publisher" content="https://www.facebook.com/frauenfestival" />
<meta property="article:modified_time" content="2026-09-03T11:19:06+00:00" />
<meta property="og:image" content="https://iftf-frankfurt.com/wp-content/uploads/sites/2/8A8B9881-2FF3-4084-AD1E-33F3B5FAA3B2-scaled.jpeg" />
	<meta property="og:image:width" content="2560" />
	<meta property="og:image:height" content="1710" />
	<meta property="og:image:type" content="image/jpeg" />
<meta name="twitter:card" content="summary_large_image" />
<meta name="twitter:label1" content="Estimated reading time" />
	<meta name="twitter:data1" content="2 minutes" />
<script type="application/ld+json" class="yoast-schema-graph">{"@context":"https://schema.org","@graph":[{"@type":"WebPage","@id":"https://iftf-frankfurt.com/events/feministischer-literatursalon-mit-musik-stimmen-aus-brasilien/","url":"https://iftf-frankfurt.com/events/feministischer-literatursalon-mit-musik-stimmen-aus-brasilien/","name":"Feministischer Literatursalon mit Musik- Stimmen aus Brasilien - International Women‘s* Theatre Festival","isPartOf":{"@id":"https://iftf-frankfurt.com/#website"},"datePublished":"2026-08-25T16:51:38+00:00","dateModified":"2026-09-03T11:19:06+00:00","breadcrumb":{"@id":"https://iftf-frankfurt.com/events/feministischer-literatursalon-mit-musik-stimmen-aus-brasilien/#breadcrumb"},"inLanguage":"en-GB","potentialAction":[{"@type":"ReadAction","target":["https://iftf-frankfurt.com/events/feministischer-literatursalon-mit-musik-stimmen-aus-brasilien/"]}]},{"@type":"BreadcrumbList","@id":"https://iftf-frankfurt.com/events/feministischer-literatursalon-mit-musik-stimmen-aus-brasilien/#breadcrumb","itemListElement":[{"@type":"ListItem","position":1,"name":"Startseite","item":"https://iftf-frankfurt.com/en/internationale-frauentheaterfestival-iftf/"},{"@type":"ListItem","position":2,"name":"Veranstaltungen","item":"https://iftf-frankfurt.com/events/"},{"@type":"ListItem","position":3,"name":"Feministischer Literatursalon mit Musik- Stimmen aus Brasilien"}]},{"@type":"WebSite","@id":"https://iftf-frankfurt.com/#website","url":"https://iftf-frankfurt.com/","name":"International Women‘s* Theatre Festival","description":"IF*TF","publisher":{"@id":"https://iftf-frankfurt.com/#organization"},"inLanguage":"en-GB"},{"@type":"Organization","@id":"https://iftf-frankfurt.com/#organization","name":"International Womxn‘s* Theatre Festival","url":"https://iftf-frankfurt.com/","logo":{"@type":"ImageObject","inLanguage":"en-GB","@id":"https://iftf-frankfurt.com/#/schema/logo/image/","url":"","contentUrl":"","caption":"International Womxn‘s* Theatre Festival"},"image":{"@id":"https://iftf-frankfurt.com/#/schema/logo/image/"},"sameAs":["https://www.instagram.com/frauentheaterfestival/","https://www.youtube.com/channel/UC80VX69VC0NxXd6a89DoydA","https://www.facebook.com/frauenfestival"]}]}</script>
<!-- / Yoast SEO plugin. -->

&#8220;ENG below&#8221; Der Feministische Salon lädt zu einem Abend voller Stimmen, Ideen und Kreati- vität ein. Im Mittelpunkt dieser Ausgabe steht das Festivalthema „Feminist Democracy“. Die Veranstaltung schafft einen besonderen Raum für Frauen* und ihre Literaturen, Geschichten, Perspektiven und vielfältigen künstlerischen Ausdrucksformen. Brasilianische Spoken-Word-Künstlerinnen und...
