{"id":26846,"date":"2026-08-28T19:03:24","date_gmt":"2026-08-28T17:03:24","guid":{"rendered":"https:\/\/iftf-frankfurt.com\/?post_type=mec-events&#038;p=26846"},"modified":"2026-08-28T19:03:24","modified_gmt":"2026-08-28T17:03:24","slug":"h-e-r-in-solo","status":"publish","type":"mec-events","link":"https:\/\/iftf-frankfurt.com\/en\/events\/h-e-r-in-solo\/","title":{"rendered":"H.E.R. in solo"},"content":{"rendered":"<p align=\"left\"><span style=\"font-size: small;\">&#8220;ENG below&#8221;<\/span><\/p>\n<p align=\"left\"><span style=\"font-family: Times New Roman, serif;\"><span style=\"font-size: small;\">H.E.R. ist bekannt f\u00fcr ihre <i>Electric Violin Show<\/i>, ein Anthem f\u00fcr Teilhaberechte, in dem die K\u00fcnstlerin ihre Musik und ihre pers\u00f6nlichen Erfahrungen nutzt, um Inklusion in all ihren Formen zu f\u00f6rdern. Die Musik mit Originalarrangements von H.E.R. ist ausgehend von einer Frage konzipiert: Wie lassen sich Klangwelten schaffen, die eng mit der Bedeutung einer pers\u00f6nlichen Geschichte verbunden sind? Durch die Auseinandersetzung mit zeitgen\u00f6ssischen Kl\u00e4ngen entfaltet sich das Projekt als pers\u00f6nliche Erz\u00e4hlung in Musik \u2013 ein Raum, in dem Klassik, Pop und Elektro aufeinandertreffen und sich zu einer explosiven Mischung verbinden.<\/span><\/span><\/p>\n<p align=\"left\"><span style=\"font-family: Times New Roman, serif;\"><span style=\"font-size: small;\"><b>Instagram: <a href=\"https:\/\/www.instagram.com\/herviolins\">@herviolins<\/a><\/b><\/span><\/span><\/p>\n<p align=\"left\"><span style=\"font-family: Times New Roman, serif;\"><span style=\"font-size: small;\"><b>Biographie:\u00a0<\/b><\/span><\/span><span style=\"color: #000000;\"><span style=\"font-family: Times New Roman, serif;\"><span style=\"font-size: small;\">H.E.R. ist eine S\u00e4ngerin, Songwriterin und vielseitige Musikerin aus Apulien in S\u00fcditalien, die k\u00fcrzlich zu den Finalistinnen von Musicultura 2020 (RAI) geh\u00f6rte.<\/span><\/span><\/span><\/p>\n<p align=\"left\"><span style=\"color: #000000;\"><span style=\"font-family: Times New Roman, serif;\"><span style=\"font-size: small;\">2020 war H.E.R. mit der neuen Electro-Pop-Single \u201eIl nostro mondo\u201c, produziert von Gianni Testa, im Radio zu h\u00f6ren, nachdem sie vorher bereits mit dem Song \u201eIl mondo non cambia mai\u201c erfolgreich gewesen war. Sie gewann au\u00dferdem den Award der italienischen Sektion von Amnesty International 2020 (Voices for Freedom).<\/span><\/span><\/span><\/p>\n<p align=\"left\"><span style=\"color: #000000;\"><span style=\"font-family: Times New Roman, serif;\"><span style=\"font-size: small;\">H.E.R. schloss ihr Violinenstudium am Konservatorium von Benevento ab, wo sie bei Vittorio Gisonni und Stefano Morellina gelernt hatte, und absolvierte au\u00dferdem ein B\u00fchnenbild-Studium. 1996 schloss sie sich dem Projekt Nidi d&#8217;Arac an und gab 1999 ihr Deb\u00fct als Singer-Songwriterin. Daf\u00fcr erhielt sie einen Preis, der von der Wochenzeitschrift \u201eMusica!\u201c von La Repubblica verliehen wurde. 2004 wurde sie feste Violinistin von Teresa De Sio.<\/span><\/span><\/span><\/p>\n<p>&nbsp;<\/p>\n<p align=\"left\"><span style=\"font-family: Times New Roman, serif;\"><span style=\"font-size: small;\">H.E.R. is known for her <i>Electric violin show<\/i>, a rights anthem in which the artist uses her music and experiences to promote inclusiveness in all its forms. The music, with original arrangements by H.E.R., is conceived around a question: how can sound environments be created that are deeply connected to the meanings of an intimate story? Through research into contemporary sounds, the project unfolds as a personal narrative in music &#8211; a space where classical music, pop and electronic meet in an \u200b\u200bexplosive mix.<\/span><\/span><\/p>\n<p align=\"left\"><span style=\"font-family: Times New Roman, serif;\"><span style=\"font-size: small;\"><b>Instagram: <a href=\"https:\/\/www.instagram.com\/herviolins\">@herviolins<\/a><\/b><\/span><\/span><\/p>\n<p align=\"left\"><span style=\"font-family: Times New Roman, serif;\"><span style=\"font-size: small;\"><b>Biography:\u00a0<\/b><\/span><\/span><span style=\"font-family: Times New Roman, serif;\"><span style=\"font-size: small;\">H.E.R. is a singer, songwriter and eclectic musician originally from Puglia in Southern Italy who was recently among the finalists of Musicultura 2020 (RAI).<\/span><\/span><\/p>\n<p align=\"left\"><span style=\"font-family: Times New Roman, serif;\"><span style=\"font-size: small;\">In 2020, H.E.R. was on the radio with the new electro-pop single \u201cIl nostro mondo,\u201d produced by Gianni Testa, following the success of her previous song \u201cIl mondo non cambia mai\u201d. She was also the winner of the Amnesty International Italian Section Award 2020 (Voices for Freedom).<\/span><\/span><\/p>\n<p align=\"left\"><span style=\"font-family: Times New Roman, serif;\"><span style=\"font-size: small;\">H.E.R. graduated with a degree in violin from the Benevento Conservatory, studying with Vittorio Gisonni and Stefano Morellina, and also graduated in scenography. In 1996, she joined the Nidi d&#8217;Arac project and made her debut as a singer-songwriter in 1999, winning the prize awarded by the weekly magazine &#8220;Musica!&#8221; of La Repubblica. In 2004, she became Teresa De Sio&#8217;s permanent violinist.<\/span><\/span><\/p>\n<p align=\"left\"><span style=\"font-family: Times New Roman, serif;\"><span style=\"font-size: small;\">She has collaborated with artists such as Lucio Dalla, Rettore, Fiordaliso and Morrissey.<\/span><\/span><\/p>\n","protected":false},"excerpt":{"rendered":"<p>&#8220;ENG below&#8221; H.E.R. ist bekannt f\u00fcr ihre Electric Violin Show, ein Anthem f\u00fcr Teilhaberechte, in dem die K\u00fcnstlerin ihre Musik und ihre pers\u00f6nlichen Erfahrungen nutzt, um Inklusion in all ihren Formen zu f\u00f6rdern. Die Musik mit Originalarrangements von H.E.R. ist ausgehend von einer Frage konzipiert:&#8230;<\/p>\n","protected":false},"author":7,"featured_media":26847,"comment_status":"closed","ping_status":"closed","template":"","tags":[],"mec_category":[20],"class_list":["post-26846","mec-events","type-mec-events","status-publish","has-post-thumbnail","hentry","mec_category-djslivemusik"],"yoast_head":"<!-- This site is optimized with the Yoast SEO plugin v19.13 - https:\/\/yoast.com\/wordpress\/plugins\/seo\/ -->\n<title>H.E.R. in solo - International Women\u2018s* Theatre Festival<\/title>\n<meta name=\"robots\" content=\"index, follow, max-snippet:-1, max-image-preview:large, max-video-preview:-1\" \/>\n<link rel=\"canonical\" href=\"https:\/\/iftf-frankfurt.com\/events\/h-e-r-in-solo\/\" \/>\n<meta property=\"og:locale\" content=\"en_GB\" \/>\n<meta property=\"og:type\" content=\"article\" \/>\n<meta property=\"og:title\" content=\"H.E.R. in solo - International Women\u2018s* Theatre Festival\" \/>\n<meta property=\"og:description\" content=\"&#8220;ENG below&#8221; H.E.R. ist bekannt f\u00fcr ihre Electric Violin Show, ein Anthem f\u00fcr Teilhaberechte, in dem die K\u00fcnstlerin ihre Musik und ihre pers\u00f6nlichen Erfahrungen nutzt, um Inklusion in all ihren Formen zu f\u00f6rdern. Die Musik mit Originalarrangements von H.E.R. ist ausgehend von einer Frage konzipiert:...\" \/>\n<meta property=\"og:url\" content=\"https:\/\/iftf-frankfurt.com\/events\/h-e-r-in-solo\/\" \/>\n<meta property=\"og:site_name\" content=\"International Women\u2018s* Theatre Festival\" \/>\n<meta property=\"article:publisher\" content=\"https:\/\/www.facebook.com\/frauenfestival\" \/>\n<meta property=\"og:image\" content=\"https:\/\/iftf-frankfurt.com\/wp-content\/uploads\/sites\/2\/Gender-Games-H.E.R.png\" \/>\n\t<meta property=\"og:image:width\" content=\"1566\" \/>\n\t<meta property=\"og:image:height\" content=\"871\" \/>\n\t<meta property=\"og:image:type\" content=\"image\/png\" \/>\n<meta name=\"twitter:card\" content=\"summary_large_image\" \/>\n<meta name=\"twitter:label1\" content=\"Estimated reading time\" \/>\n\t<meta name=\"twitter:data1\" content=\"3 minutes\" \/>\n<script type=\"application\/ld+json\" class=\"yoast-schema-graph\">{\"@context\":\"https:\/\/schema.org\",\"@graph\":[{\"@type\":\"WebPage\",\"@id\":\"https:\/\/iftf-frankfurt.com\/events\/h-e-r-in-solo\/\",\"url\":\"https:\/\/iftf-frankfurt.com\/events\/h-e-r-in-solo\/\",\"name\":\"H.E.R. in solo - International Women\u2018s* Theatre Festival\",\"isPartOf\":{\"@id\":\"https:\/\/iftf-frankfurt.com\/#website\"},\"datePublished\":\"2026-08-28T17:03:24+00:00\",\"dateModified\":\"2026-08-28T17:03:24+00:00\",\"breadcrumb\":{\"@id\":\"https:\/\/iftf-frankfurt.com\/events\/h-e-r-in-solo\/#breadcrumb\"},\"inLanguage\":\"en-GB\",\"potentialAction\":[{\"@type\":\"ReadAction\",\"target\":[\"https:\/\/iftf-frankfurt.com\/events\/h-e-r-in-solo\/\"]}]},{\"@type\":\"BreadcrumbList\",\"@id\":\"https:\/\/iftf-frankfurt.com\/events\/h-e-r-in-solo\/#breadcrumb\",\"itemListElement\":[{\"@type\":\"ListItem\",\"position\":1,\"name\":\"Startseite\",\"item\":\"https:\/\/iftf-frankfurt.com\/en\/internationale-frauentheaterfestival-iftf\/\"},{\"@type\":\"ListItem\",\"position\":2,\"name\":\"Veranstaltungen\",\"item\":\"https:\/\/iftf-frankfurt.com\/events\/\"},{\"@type\":\"ListItem\",\"position\":3,\"name\":\"H.E.R. in solo\"}]},{\"@type\":\"WebSite\",\"@id\":\"https:\/\/iftf-frankfurt.com\/#website\",\"url\":\"https:\/\/iftf-frankfurt.com\/\",\"name\":\"International Women\u2018s* Theatre Festival\",\"description\":\"IF*TF\",\"publisher\":{\"@id\":\"https:\/\/iftf-frankfurt.com\/#organization\"},\"inLanguage\":\"en-GB\"},{\"@type\":\"Organization\",\"@id\":\"https:\/\/iftf-frankfurt.com\/#organization\",\"name\":\"International Womxn\u2018s* Theatre Festival\",\"url\":\"https:\/\/iftf-frankfurt.com\/\",\"logo\":{\"@type\":\"ImageObject\",\"inLanguage\":\"en-GB\",\"@id\":\"https:\/\/iftf-frankfurt.com\/#\/schema\/logo\/image\/\",\"url\":\"\",\"contentUrl\":\"\",\"caption\":\"International Womxn\u2018s* Theatre Festival\"},\"image\":{\"@id\":\"https:\/\/iftf-frankfurt.com\/#\/schema\/logo\/image\/\"},\"sameAs\":[\"https:\/\/www.instagram.com\/frauentheaterfestival\/\",\"https:\/\/www.youtube.com\/channel\/UC80VX69VC0NxXd6a89DoydA\",\"https:\/\/www.facebook.com\/frauenfestival\"]}]}<\/script>\n<!-- \/ Yoast SEO plugin. -->","yoast_head_json":{"title":"H.E.R. in solo - International Women\u2018s* Theatre Festival","robots":{"index":"index","follow":"follow","max-snippet":"max-snippet:-1","max-image-preview":"max-image-preview:large","max-video-preview":"max-video-preview:-1"},"canonical":"https:\/\/iftf-frankfurt.com\/events\/h-e-r-in-solo\/","og_locale":"en_GB","og_type":"article","og_title":"H.E.R. in solo - International Women\u2018s* Theatre Festival","og_description":"&#8220;ENG below&#8221; H.E.R. ist bekannt f\u00fcr ihre Electric Violin Show, ein Anthem f\u00fcr Teilhaberechte, in dem die K\u00fcnstlerin ihre Musik und ihre pers\u00f6nlichen Erfahrungen nutzt, um Inklusion in all ihren Formen zu f\u00f6rdern. Die Musik mit Originalarrangements von H.E.R. ist ausgehend von einer Frage konzipiert:...","og_url":"https:\/\/iftf-frankfurt.com\/events\/h-e-r-in-solo\/","og_site_name":"International Women\u2018s* Theatre Festival","article_publisher":"https:\/\/www.facebook.com\/frauenfestival","og_image":[{"width":1566,"height":871,"url":"https:\/\/iftf-frankfurt.com\/wp-content\/uploads\/sites\/2\/Gender-Games-H.E.R.png","type":"image\/png"}],"twitter_card":"summary_large_image","twitter_misc":{"Estimated reading time":"3 minutes"},"schema":{"@context":"https:\/\/schema.org","@graph":[{"@type":"WebPage","@id":"https:\/\/iftf-frankfurt.com\/events\/h-e-r-in-solo\/","url":"https:\/\/iftf-frankfurt.com\/events\/h-e-r-in-solo\/","name":"H.E.R. in solo - International Women\u2018s* Theatre Festival","isPartOf":{"@id":"https:\/\/iftf-frankfurt.com\/#website"},"datePublished":"2026-08-28T17:03:24+00:00","dateModified":"2026-08-28T17:03:24+00:00","breadcrumb":{"@id":"https:\/\/iftf-frankfurt.com\/events\/h-e-r-in-solo\/#breadcrumb"},"inLanguage":"en-GB","potentialAction":[{"@type":"ReadAction","target":["https:\/\/iftf-frankfurt.com\/events\/h-e-r-in-solo\/"]}]},{"@type":"BreadcrumbList","@id":"https:\/\/iftf-frankfurt.com\/events\/h-e-r-in-solo\/#breadcrumb","itemListElement":[{"@type":"ListItem","position":1,"name":"Startseite","item":"https:\/\/iftf-frankfurt.com\/en\/internationale-frauentheaterfestival-iftf\/"},{"@type":"ListItem","position":2,"name":"Veranstaltungen","item":"https:\/\/iftf-frankfurt.com\/events\/"},{"@type":"ListItem","position":3,"name":"H.E.R. in solo"}]},{"@type":"WebSite","@id":"https:\/\/iftf-frankfurt.com\/#website","url":"https:\/\/iftf-frankfurt.com\/","name":"International Women\u2018s* Theatre Festival","description":"IF*TF","publisher":{"@id":"https:\/\/iftf-frankfurt.com\/#organization"},"inLanguage":"en-GB"},{"@type":"Organization","@id":"https:\/\/iftf-frankfurt.com\/#organization","name":"International Womxn\u2018s* Theatre Festival","url":"https:\/\/iftf-frankfurt.com\/","logo":{"@type":"ImageObject","inLanguage":"en-GB","@id":"https:\/\/iftf-frankfurt.com\/#\/schema\/logo\/image\/","url":"","contentUrl":"","caption":"International Womxn\u2018s* Theatre Festival"},"image":{"@id":"https:\/\/iftf-frankfurt.com\/#\/schema\/logo\/image\/"},"sameAs":["https:\/\/www.instagram.com\/frauentheaterfestival\/","https:\/\/www.youtube.com\/channel\/UC80VX69VC0NxXd6a89DoydA","https:\/\/www.facebook.com\/frauenfestival"]}]}},"_links":{"self":[{"href":"https:\/\/iftf-frankfurt.com\/en\/wp-json\/wp\/v2\/mec-events\/26846","targetHints":{"allow":["GET"]}}],"collection":[{"href":"https:\/\/iftf-frankfurt.com\/en\/wp-json\/wp\/v2\/mec-events"}],"about":[{"href":"https:\/\/iftf-frankfurt.com\/en\/wp-json\/wp\/v2\/types\/mec-events"}],"author":[{"embeddable":true,"href":"https:\/\/iftf-frankfurt.com\/en\/wp-json\/wp\/v2\/users\/7"}],"replies":[{"embeddable":true,"href":"https:\/\/iftf-frankfurt.com\/en\/wp-json\/wp\/v2\/comments?post=26846"}],"version-history":[{"count":1,"href":"https:\/\/iftf-frankfurt.com\/en\/wp-json\/wp\/v2\/mec-events\/26846\/revisions"}],"predecessor-version":[{"id":26849,"href":"https:\/\/iftf-frankfurt.com\/en\/wp-json\/wp\/v2\/mec-events\/26846\/revisions\/26849"}],"wp:featuredmedia":[{"embeddable":true,"href":"https:\/\/iftf-frankfurt.com\/en\/wp-json\/wp\/v2\/media\/26847"}],"wp:attachment":[{"href":"https:\/\/iftf-frankfurt.com\/en\/wp-json\/wp\/v2\/media?parent=26846"}],"wp:term":[{"taxonomy":"post_tag","embeddable":true,"href":"https:\/\/iftf-frankfurt.com\/en\/wp-json\/wp\/v2\/tags?post=26846"},{"taxonomy":"mec_category","embeddable":true,"href":"https:\/\/iftf-frankfurt.com\/en\/wp-json\/wp\/v2\/mec_category?post=26846"}],"curies":[{"name":"wp","href":"https:\/\/api.w.org\/{rel}","templated":true}]}}

<p align="left"><span style="font-size: small;">&#8220;ENG below&#8221;</span></p>
<p align="left"><span style="font-family: Times New Roman, serif;"><span style="font-size: small;">H.E.R. ist bekannt für ihre <i>Electric Violin Show</i>, ein Anthem für Teilhaberechte, in dem die Künstlerin ihre Musik und ihre persönlichen Erfahrungen nutzt, um Inklusion in all ihren Formen zu fördern. Die Musik mit Originalarrangements von H.E.R. ist ausgehend von einer Frage konzipiert: Wie lassen sich Klangwelten schaffen, die eng mit der Bedeutung einer persönlichen Geschichte verbunden sind? Durch die Auseinandersetzung mit zeitgenössischen Klängen entfaltet sich das Projekt als persönliche Erzählung in Musik – ein Raum, in dem Klassik, Pop und Elektro aufeinandertreffen und sich zu einer explosiven Mischung verbinden.</span></span></p>
<p align="left"><span style="font-family: Times New Roman, serif;"><span style="font-size: small;"><b>Instagram: <a href="https://www.instagram.com/herviolins">@herviolins</a></b></span></span></p>
<p align="left"><span style="font-family: Times New Roman, serif;"><span style="font-size: small;"><b>Biographie: </b></span></span><span style="color: #000000;"><span style="font-family: Times New Roman, serif;"><span style="font-size: small;">H.E.R. ist eine Sängerin, Songwriterin und vielseitige Musikerin aus Apulien in Süditalien, die kürzlich zu den Finalistinnen von Musicultura 2020 (RAI) gehörte.</span></span></span></p>
<p align="left"><span style="color: #000000;"><span style="font-family: Times New Roman, serif;"><span style="font-size: small;">2020 war H.E.R. mit der neuen Electro-Pop-Single „Il nostro mondo“, produziert von Gianni Testa, im Radio zu hören, nachdem sie vorher bereits mit dem Song „Il mondo non cambia mai“ erfolgreich gewesen war. Sie gewann außerdem den Award der italienischen Sektion von Amnesty International 2020 (Voices for Freedom).</span></span></span></p>
<p align="left"><span style="color: #000000;"><span style="font-family: Times New Roman, serif;"><span style="font-size: small;">H.E.R. schloss ihr Violinenstudium am Konservatorium von Benevento ab, wo sie bei Vittorio Gisonni und Stefano Morellina gelernt hatte, und absolvierte außerdem ein Bühnenbild-Studium. 1996 schloss sie sich dem Projekt Nidi d&#8217;Arac an und gab 1999 ihr Debüt als Singer-Songwriterin. Dafür erhielt sie einen Preis, der von der Wochenzeitschrift „Musica!“ von La Repubblica verliehen wurde. 2004 wurde sie feste Violinistin von Teresa De Sio.</span></span></span></p>
<p>&nbsp;</p>
<p align="left"><span style="font-family: Times New Roman, serif;"><span style="font-size: small;">H.E.R. is known for her <i>Electric violin show</i>, a rights anthem in which the artist uses her music and experiences to promote inclusiveness in all its forms. The music, with original arrangements by H.E.R., is conceived around a question: how can sound environments be created that are deeply connected to the meanings of an intimate story? Through research into contemporary sounds, the project unfolds as a personal narrative in music &#8211; a space where classical music, pop and electronic meet in an ​​explosive mix.</span></span></p>
<p align="left"><span style="font-family: Times New Roman, serif;"><span style="font-size: small;"><b>Instagram: <a href="https://www.instagram.com/herviolins">@herviolins</a></b></span></span></p>
<p align="left"><span style="font-family: Times New Roman, serif;"><span style="font-size: small;"><b>Biography: </b></span></span><span style="font-family: Times New Roman, serif;"><span style="font-size: small;">H.E.R. is a singer, songwriter and eclectic musician originally from Puglia in Southern Italy who was recently among the finalists of Musicultura 2020 (RAI).</span></span></p>
<p align="left"><span style="font-family: Times New Roman, serif;"><span style="font-size: small;">In 2020, H.E.R. was on the radio with the new electro-pop single “Il nostro mondo,” produced by Gianni Testa, following the success of her previous song “Il mondo non cambia mai”. She was also the winner of the Amnesty International Italian Section Award 2020 (Voices for Freedom).</span></span></p>
<p align="left"><span style="font-family: Times New Roman, serif;"><span style="font-size: small;">H.E.R. graduated with a degree in violin from the Benevento Conservatory, studying with Vittorio Gisonni and Stefano Morellina, and also graduated in scenography. In 1996, she joined the Nidi d&#8217;Arac project and made her debut as a singer-songwriter in 1999, winning the prize awarded by the weekly magazine &#8220;Musica!&#8221; of La Repubblica. In 2004, she became Teresa De Sio&#8217;s permanent violinist.</span></span></p>
<p align="left"><span style="font-family: Times New Roman, serif;"><span style="font-size: small;">She has collaborated with artists such as Lucio Dalla, Rettore, Fiordaliso and Morrissey.</span></span></p>

<p>&#8220;ENG below&#8221; H.E.R. ist bekannt für ihre Electric Violin Show, ein Anthem für Teilhaberechte, in dem die Künstlerin ihre Musik und ihre persönlichen Erfahrungen nutzt, um Inklusion in all ihren Formen zu fördern. Die Musik mit Originalarrangements von H.E.R. ist ausgehend von einer Frage konzipiert:&#8230;</p>

<!-- This site is optimized with the Yoast SEO plugin v19.13 - https://yoast.com/wordpress/plugins/seo/ -->
<title>H.E.R. in solo - International Women‘s* Theatre Festival</title>
<meta name="robots" content="index, follow, max-snippet:-1, max-image-preview:large, max-video-preview:-1" />
<link rel="canonical" href="https://iftf-frankfurt.com/events/h-e-r-in-solo/" />
<meta property="og:locale" content="en_GB" />
<meta property="og:type" content="article" />
<meta property="og:title" content="H.E.R. in solo - International Women‘s* Theatre Festival" />
<meta property="og:description" content="&#8220;ENG below&#8221; H.E.R. ist bekannt für ihre Electric Violin Show, ein Anthem für Teilhaberechte, in dem die Künstlerin ihre Musik und ihre persönlichen Erfahrungen nutzt, um Inklusion in all ihren Formen zu fördern. Die Musik mit Originalarrangements von H.E.R. ist ausgehend von einer Frage konzipiert:..." />
<meta property="og:url" content="https://iftf-frankfurt.com/events/h-e-r-in-solo/" />
<meta property="og:site_name" content="International Women‘s* Theatre Festival" />
<meta property="article:publisher" content="https://www.facebook.com/frauenfestival" />
<meta property="og:image" content="https://iftf-frankfurt.com/wp-content/uploads/sites/2/Gender-Games-H.E.R.png" />
	<meta property="og:image:width" content="1566" />
	<meta property="og:image:height" content="871" />
	<meta property="og:image:type" content="image/png" />
<meta name="twitter:card" content="summary_large_image" />
<meta name="twitter:label1" content="Estimated reading time" />
	<meta name="twitter:data1" content="3 minutes" />
<script type="application/ld+json" class="yoast-schema-graph">{"@context":"https://schema.org","@graph":[{"@type":"WebPage","@id":"https://iftf-frankfurt.com/events/h-e-r-in-solo/","url":"https://iftf-frankfurt.com/events/h-e-r-in-solo/","name":"H.E.R. in solo - International Women‘s* Theatre Festival","isPartOf":{"@id":"https://iftf-frankfurt.com/#website"},"datePublished":"2026-08-28T17:03:24+00:00","dateModified":"2026-08-28T17:03:24+00:00","breadcrumb":{"@id":"https://iftf-frankfurt.com/events/h-e-r-in-solo/#breadcrumb"},"inLanguage":"en-GB","potentialAction":[{"@type":"ReadAction","target":["https://iftf-frankfurt.com/events/h-e-r-in-solo/"]}]},{"@type":"BreadcrumbList","@id":"https://iftf-frankfurt.com/events/h-e-r-in-solo/#breadcrumb","itemListElement":[{"@type":"ListItem","position":1,"name":"Startseite","item":"https://iftf-frankfurt.com/en/internationale-frauentheaterfestival-iftf/"},{"@type":"ListItem","position":2,"name":"Veranstaltungen","item":"https://iftf-frankfurt.com/events/"},{"@type":"ListItem","position":3,"name":"H.E.R. in solo"}]},{"@type":"WebSite","@id":"https://iftf-frankfurt.com/#website","url":"https://iftf-frankfurt.com/","name":"International Women‘s* Theatre Festival","description":"IF*TF","publisher":{"@id":"https://iftf-frankfurt.com/#organization"},"inLanguage":"en-GB"},{"@type":"Organization","@id":"https://iftf-frankfurt.com/#organization","name":"International Womxn‘s* Theatre Festival","url":"https://iftf-frankfurt.com/","logo":{"@type":"ImageObject","inLanguage":"en-GB","@id":"https://iftf-frankfurt.com/#/schema/logo/image/","url":"","contentUrl":"","caption":"International Womxn‘s* Theatre Festival"},"image":{"@id":"https://iftf-frankfurt.com/#/schema/logo/image/"},"sameAs":["https://www.instagram.com/frauentheaterfestival/","https://www.youtube.com/channel/UC80VX69VC0NxXd6a89DoydA","https://www.facebook.com/frauenfestival"]}]}</script>
<!-- / Yoast SEO plugin. -->

&#8220;ENG below&#8221; H.E.R. ist bekannt für ihre Electric Violin Show, ein Anthem für Teilhaberechte, in dem die Künstlerin ihre Musik und ihre persönlichen Erfahrungen nutzt, um Inklusion in all ihren Formen zu fördern. Die Musik mit Originalarrangements von H.E.R. ist ausgehend von einer Frage konzipiert:...
